{"id":119308,"date":"2025-06-09T15:30:46","date_gmt":"2025-06-09T13:30:46","guid":{"rendered":"https:\/\/lystes.store\/select\/lambertbeauty\/?post_type=product&#038;p=119308"},"modified":"2025-10-07T18:02:36","modified_gmt":"2025-10-07T16:02:36","slug":"shill-perruque-lace-hd","status":"publish","type":"product","link":"https:\/\/lystes.store\/select\/lambertbeauty\/product\/shill-perruque-lace-hd\/","title":{"rendered":"SHILL &#8211; Perruque Lace HD"},"content":{"rendered":"<p>Toutes nos perruques sont pr\u00e9-customis\u00e9es, coiff\u00e9es et pr\u00eates \u00e0 porter.<\/p>\n<p>100% Cheveux Naturels.<\/p>\n<p>Nous faisons de notre mieux pour que nos photos soient fid\u00e8les \u00e0 la r\u00e9alit\u00e9. Cependant, parce que nos colorations sont faites \u00e0 la main, et en raison des diff\u00e9rences entre les \u00e9crans, des changements d&rsquo;\u00e9clairages, des variations peuvent se produire.<\/p>\n","protected":false},"excerpt":{"rendered":"<p>Toutes nos perruques sont pr\u00e9-customis\u00e9es, coiff\u00e9es et pr\u00eates \u00e0 porter.<\/p>\n<p>100% Cheveux Naturels.<\/p>\n<p>Nous faisons de notre mieux pour que nos photos soient fid\u00e8les \u00e0 la r\u00e9alit\u00e9. Cependant, parce que nos colorations sont faites \u00e0 la main, et en raison des diff\u00e9rences entre les \u00e9crans, des changements d&rsquo;\u00e9clairages, des variations peuvent se produire.<\/p>\n","protected":false},"featured_media":119309,"comment_status":"open","ping_status":"closed","template":"","meta":[],"product_brand":[],"product_cat":[15],"product_tag":[],"class_list":{"0":"post-119308","1":"product","2":"type-product","3":"status-publish","4":"has-post-thumbnail","6":"product_cat-shop","8":"first","9":"instock","10":"taxable","11":"shipping-taxable","12":"purchasable","13":"product-type-variable"},"acf":[],"yoast_head":"<!-- This site is optimized with the Yoast SEO plugin v25.3.1 - https:\/\/yoast.com\/wordpress\/plugins\/seo\/ -->\n<title>SHILL - Perruque Lace HD - Lambert Beauty<\/title>\n<meta name=\"robots\" content=\"index, follow, max-snippet:-1, max-image-preview:large, max-video-preview:-1\" \/>\n<link rel=\"canonical\" href=\"https:\/\/lystes.store\/select\/lambertbeauty\/product\/shill-perruque-lace-hd\/\" \/>\n<meta property=\"og:locale\" content=\"fr_FR\" \/>\n<meta property=\"og:type\" content=\"article\" \/>\n<meta property=\"og:title\" content=\"SHILL - Perruque Lace HD - Lambert Beauty\" \/>\n<meta property=\"og:description\" content=\"Toutes nos perruques sont pr\u00e9-customis\u00e9es, coiff\u00e9es et pr\u00eates \u00e0 porter.  100% Cheveux Naturels.  Nous faisons de notre mieux pour que nos photos soient fid\u00e8les \u00e0 la r\u00e9alit\u00e9. Cependant, parce que nos colorations sont faites \u00e0 la main, et en raison des diff\u00e9rences entre les \u00e9crans, des changements d&#039;\u00e9clairages, des variations peuvent se produire.\" \/>\n<meta property=\"og:url\" content=\"https:\/\/lystes.store\/select\/lambertbeauty\/product\/shill-perruque-lace-hd\/\" \/>\n<meta property=\"og:site_name\" content=\"Lambert Beauty\" \/>\n<meta property=\"article:modified_time\" content=\"2025-10-07T16:02:36+00:00\" \/>\n<meta property=\"og:image\" content=\"https:\/\/lystes.store\/select\/lambertbeauty\/wp-content\/uploads\/sites\/15\/2025\/06\/844D174B-4F86-4D71-BF92-EAAC08191ED4-1.gif\" \/>\n\t<meta property=\"og:image:width\" content=\"399\" \/>\n\t<meta property=\"og:image:height\" content=\"500\" \/>\n\t<meta property=\"og:image:type\" content=\"image\/gif\" \/>\n<meta name=\"twitter:card\" content=\"summary_large_image\" \/>\n<meta name=\"twitter:label1\" content=\"Dur\u00e9e de lecture estim\u00e9e\" \/>\n\t<meta name=\"twitter:data1\" content=\"1 minute\" \/>\n<script type=\"application\/ld+json\" class=\"yoast-schema-graph\">{\"@context\":\"https:\/\/schema.org\",\"@graph\":[{\"@type\":\"WebPage\",\"@id\":\"https:\/\/lystes.store\/select\/lambertbeauty\/product\/shill-perruque-lace-hd\/\",\"url\":\"https:\/\/lystes.store\/select\/lambertbeauty\/product\/shill-perruque-lace-hd\/\",\"name\":\"SHILL - Perruque Lace HD - Lambert Beauty\",\"isPartOf\":{\"@id\":\"https:\/\/lystes.store\/select\/lambertbeauty\/#website\"},\"primaryImageOfPage\":{\"@id\":\"https:\/\/lystes.store\/select\/lambertbeauty\/product\/shill-perruque-lace-hd\/#primaryimage\"},\"image\":{\"@id\":\"https:\/\/lystes.store\/select\/lambertbeauty\/product\/shill-perruque-lace-hd\/#primaryimage\"},\"thumbnailUrl\":\"https:\/\/i0.wp.com\/lystes.store\/select\/lambertbeauty\/wp-content\/uploads\/sites\/15\/2025\/06\/844D174B-4F86-4D71-BF92-EAAC08191ED4-1.gif?fit=399%2C500&ssl=1\",\"datePublished\":\"2025-06-09T13:30:46+00:00\",\"dateModified\":\"2025-10-07T16:02:36+00:00\",\"breadcrumb\":{\"@id\":\"https:\/\/lystes.store\/select\/lambertbeauty\/product\/shill-perruque-lace-hd\/#breadcrumb\"},\"inLanguage\":\"fr-FR\",\"potentialAction\":[{\"@type\":\"ReadAction\",\"target\":[\"https:\/\/lystes.store\/select\/lambertbeauty\/product\/shill-perruque-lace-hd\/\"]}]},{\"@type\":\"ImageObject\",\"inLanguage\":\"fr-FR\",\"@id\":\"https:\/\/lystes.store\/select\/lambertbeauty\/product\/shill-perruque-lace-hd\/#primaryimage\",\"url\":\"https:\/\/i0.wp.com\/lystes.store\/select\/lambertbeauty\/wp-content\/uploads\/sites\/15\/2025\/06\/844D174B-4F86-4D71-BF92-EAAC08191ED4-1.gif?fit=399%2C500&ssl=1\",\"contentUrl\":\"https:\/\/i0.wp.com\/lystes.store\/select\/lambertbeauty\/wp-content\/uploads\/sites\/15\/2025\/06\/844D174B-4F86-4D71-BF92-EAAC08191ED4-1.gif?fit=399%2C500&ssl=1\",\"width\":399,\"height\":500},{\"@type\":\"BreadcrumbList\",\"@id\":\"https:\/\/lystes.store\/select\/lambertbeauty\/product\/shill-perruque-lace-hd\/#breadcrumb\",\"itemListElement\":[{\"@type\":\"ListItem\",\"position\":1,\"name\":\"Accueil\",\"item\":\"https:\/\/lystes.store\/select\/lambertbeauty\/\"},{\"@type\":\"ListItem\",\"position\":2,\"name\":\"Boutique\",\"item\":\"https:\/\/lystes.store\/select\/lambertbeauty\/boutique\/\"},{\"@type\":\"ListItem\",\"position\":3,\"name\":\"SHILL &#8211; Perruque Lace HD\"}]},{\"@type\":\"WebSite\",\"@id\":\"https:\/\/lystes.store\/select\/lambertbeauty\/#website\",\"url\":\"https:\/\/lystes.store\/select\/lambertbeauty\/\",\"name\":\"Lambert Beauty\",\"description\":\"L&#039;excellence sinon rien\",\"potentialAction\":[{\"@type\":\"SearchAction\",\"target\":{\"@type\":\"EntryPoint\",\"urlTemplate\":\"https:\/\/lystes.store\/select\/lambertbeauty\/?s={search_term_string}\"},\"query-input\":{\"@type\":\"PropertyValueSpecification\",\"valueRequired\":true,\"valueName\":\"search_term_string\"}}],\"inLanguage\":\"fr-FR\"}]}<\/script>\n<!-- \/ Yoast SEO plugin. -->","yoast_head_json":{"title":"SHILL - Perruque Lace HD - Lambert Beauty","robots":{"index":"index","follow":"follow","max-snippet":"max-snippet:-1","max-image-preview":"max-image-preview:large","max-video-preview":"max-video-preview:-1"},"canonical":"https:\/\/lystes.store\/select\/lambertbeauty\/product\/shill-perruque-lace-hd\/","og_locale":"fr_FR","og_type":"article","og_title":"SHILL - Perruque Lace HD - Lambert Beauty","og_description":"Toutes nos perruques sont pr\u00e9-customis\u00e9es, coiff\u00e9es et pr\u00eates \u00e0 porter.  100% Cheveux Naturels.  Nous faisons de notre mieux pour que nos photos soient fid\u00e8les \u00e0 la r\u00e9alit\u00e9. Cependant, parce que nos colorations sont faites \u00e0 la main, et en raison des diff\u00e9rences entre les \u00e9crans, des changements d'\u00e9clairages, des variations peuvent se produire.","og_url":"https:\/\/lystes.store\/select\/lambertbeauty\/product\/shill-perruque-lace-hd\/","og_site_name":"Lambert Beauty","article_modified_time":"2025-10-07T16:02:36+00:00","og_image":[{"url":"https:\/\/lystes.store\/select\/lambertbeauty\/wp-content\/uploads\/sites\/15\/2025\/06\/844D174B-4F86-4D71-BF92-EAAC08191ED4-1.gif","width":399,"height":500,"type":"image\/gif"}],"twitter_card":"summary_large_image","twitter_misc":{"Dur\u00e9e de lecture estim\u00e9e":"1 minute"},"schema":{"@context":"https:\/\/schema.org","@graph":[{"@type":"WebPage","@id":"https:\/\/lystes.store\/select\/lambertbeauty\/product\/shill-perruque-lace-hd\/","url":"https:\/\/lystes.store\/select\/lambertbeauty\/product\/shill-perruque-lace-hd\/","name":"SHILL - Perruque Lace HD - Lambert Beauty","isPartOf":{"@id":"https:\/\/lystes.store\/select\/lambertbeauty\/#website"},"primaryImageOfPage":{"@id":"https:\/\/lystes.store\/select\/lambertbeauty\/product\/shill-perruque-lace-hd\/#primaryimage"},"image":{"@id":"https:\/\/lystes.store\/select\/lambertbeauty\/product\/shill-perruque-lace-hd\/#primaryimage"},"thumbnailUrl":"https:\/\/i0.wp.com\/lystes.store\/select\/lambertbeauty\/wp-content\/uploads\/sites\/15\/2025\/06\/844D174B-4F86-4D71-BF92-EAAC08191ED4-1.gif?fit=399%2C500&ssl=1","datePublished":"2025-06-09T13:30:46+00:00","dateModified":"2025-10-07T16:02:36+00:00","breadcrumb":{"@id":"https:\/\/lystes.store\/select\/lambertbeauty\/product\/shill-perruque-lace-hd\/#breadcrumb"},"inLanguage":"fr-FR","potentialAction":[{"@type":"ReadAction","target":["https:\/\/lystes.store\/select\/lambertbeauty\/product\/shill-perruque-lace-hd\/"]}]},{"@type":"ImageObject","inLanguage":"fr-FR","@id":"https:\/\/lystes.store\/select\/lambertbeauty\/product\/shill-perruque-lace-hd\/#primaryimage","url":"https:\/\/i0.wp.com\/lystes.store\/select\/lambertbeauty\/wp-content\/uploads\/sites\/15\/2025\/06\/844D174B-4F86-4D71-BF92-EAAC08191ED4-1.gif?fit=399%2C500&ssl=1","contentUrl":"https:\/\/i0.wp.com\/lystes.store\/select\/lambertbeauty\/wp-content\/uploads\/sites\/15\/2025\/06\/844D174B-4F86-4D71-BF92-EAAC08191ED4-1.gif?fit=399%2C500&ssl=1","width":399,"height":500},{"@type":"BreadcrumbList","@id":"https:\/\/lystes.store\/select\/lambertbeauty\/product\/shill-perruque-lace-hd\/#breadcrumb","itemListElement":[{"@type":"ListItem","position":1,"name":"Accueil","item":"https:\/\/lystes.store\/select\/lambertbeauty\/"},{"@type":"ListItem","position":2,"name":"Boutique","item":"https:\/\/lystes.store\/select\/lambertbeauty\/boutique\/"},{"@type":"ListItem","position":3,"name":"SHILL &#8211; Perruque Lace HD"}]},{"@type":"WebSite","@id":"https:\/\/lystes.store\/select\/lambertbeauty\/#website","url":"https:\/\/lystes.store\/select\/lambertbeauty\/","name":"Lambert Beauty","description":"L&#039;excellence sinon rien","potentialAction":[{"@type":"SearchAction","target":{"@type":"EntryPoint","urlTemplate":"https:\/\/lystes.store\/select\/lambertbeauty\/?s={search_term_string}"},"query-input":{"@type":"PropertyValueSpecification","valueRequired":true,"valueName":"search_term_string"}}],"inLanguage":"fr-FR"}]}},"_links":{"self":[{"href":"https:\/\/lystes.store\/select\/lambertbeauty\/wp-json\/wp\/v2\/product\/119308","targetHints":{"allow":["GET"]}}],"collection":[{"href":"https:\/\/lystes.store\/select\/lambertbeauty\/wp-json\/wp\/v2\/product"}],"about":[{"href":"https:\/\/lystes.store\/select\/lambertbeauty\/wp-json\/wp\/v2\/types\/product"}],"replies":[{"embeddable":true,"href":"https:\/\/lystes.store\/select\/lambertbeauty\/wp-json\/wp\/v2\/comments?post=119308"}],"wp:featuredmedia":[{"embeddable":true,"href":"https:\/\/lystes.store\/select\/lambertbeauty\/wp-json\/wp\/v2\/media\/119309"}],"wp:attachment":[{"href":"https:\/\/lystes.store\/select\/lambertbeauty\/wp-json\/wp\/v2\/media?parent=119308"}],"wp:term":[{"taxonomy":"product_brand","embeddable":true,"href":"https:\/\/lystes.store\/select\/lambertbeauty\/wp-json\/wp\/v2\/product_brand?post=119308"},{"taxonomy":"product_cat","embeddable":true,"href":"https:\/\/lystes.store\/select\/lambertbeauty\/wp-json\/wp\/v2\/product_cat?post=119308"},{"taxonomy":"product_tag","embeddable":true,"href":"https:\/\/lystes.store\/select\/lambertbeauty\/wp-json\/wp\/v2\/product_tag?post=119308"}],"curies":[{"name":"wp","href":"https:\/\/api.w.org\/{rel}","templated":true}]}}