{"id":114145,"date":"2022-01-14T12:17:44","date_gmt":"2022-01-14T11:17:44","guid":{"rendered":"https:\/\/lystes.store\/select\/concept\/"},"modified":"2025-06-06T11:29:30","modified_gmt":"2025-06-06T09:29:30","slug":"concept","status":"publish","type":"page","link":"https:\/\/lystes.store\/select\/lambertbeauty\/concept\/","title":{"rendered":"Concept"},"content":{"rendered":"<div class=\"wpb-content-wrapper\">[vc_section full_width=\u00a0\u00bbstretch_row\u00a0\u00bb el_id=\u00a0\u00bbaboutme\u00a0\u00bb css=\u00a0\u00bb.vc_custom_1632589870476{padding-top: 120px !important;background-position: center !important;background-repeat: no-repeat !important;background-size: cover !important;}\u00a0\u00bb][vc_row css=\u00a0\u00bb.vc_custom_1632583444096{padding-top: 45px !important;background-position: center !important;background-repeat: no-repeat !important;background-size: cover !important;}\u00a0\u00bb][vc_column][vc_row_inner el_class=\u00a0\u00bbcontenair\u00a0\u00bb][vc_column_inner width=\u00a0\u00bb1\/2&Prime; css=\u00a0\u00bb.vc_custom_1749201859074{background-image: url(https:\/\/lystes.store\/select\/lambertbeauty\/wp-content\/uploads\/sites\/15\/2025\/06\/398189878_2300057290179045_5376748581484207559_n-1-topaz-sharpen-face-upscale-2.4x-scaled.jpg?id=119230) !important;background-position: center !important;background-repeat: no-repeat !important;background-size: contain !important;}\u00a0\u00bb][vc_column_text el_id=\u00a0\u00bbvisio\u00a0\u00bb]ABOUT ME[\/vc_column_text][vc_empty_space height=\u00a0\u00bb350px\u00a0\u00bb][\/vc_column_inner][vc_column_inner width=\u00a0\u00bb1\/2&Prime; css=\u00a0\u00bb.vc_custom_1632589765980{padding-left: 70px !important;}\u00a0\u00bb][vc_column_text el_class=\u00a0\u00bbtitlescript\u00a0\u00bb]Concept<\/p>\n<div id=\"gtx-trans\" style=\"position: absolute; left: 169px; top: 38px;\">\n<div class=\"gtx-trans-icon\"><\/div>\n<\/div>\n[\/vc_column_text][vc_column_text]\n<h2>L\u2019exigence au service de votre beaut\u00e9.<\/h2>\n[\/vc_column_text][vc_column_text]\n<p class=\"p1\">Lamber Beauty est n\u00e9e d\u2019une ambition claire : cr\u00e9er des soins capillaires qui allient performance exceptionnelle et plaisir sensoriel, sans aucun compromis.<\/p>\n<p class=\"p2\">Chaque formule est con\u00e7ue pour r\u00e9v\u00e9ler la beaut\u00e9 naturelle des cheveux et de la peau, avec des r\u00e9sultats visibles, une application agr\u00e9able et une finition impeccable.<\/p>\n<p class=\"p2\">Derri\u00e8re Lamber Beauty, il y a une vision assum\u00e9e de la beaut\u00e9 : <span class=\"s1\">confiante, exigeante et raffin\u00e9e<\/span>.<\/p>\n<p class=\"p2\">Nos soins s\u2019adressent \u00e0 celles et ceux qui savent ce qu\u2019ils attendent de leurs produits : <span class=\"s1\">de l\u2019efficacit\u00e9, de la sensorialit\u00e9, et une vraie diff\u00e9rence d\u00e8s la premi\u00e8re utilisation<\/span>.<\/p>\n<p class=\"p2\">Nous s\u00e9lectionnons des actifs reconnus, des textures nobles et des parfums subtils pour faire de chaque geste de soin un moment de ma\u00eetrise et de plaisir.<\/p>\n<p class=\"p1\"><span class=\"s2\">Notre exigence est simple : <\/span>proposer des soins qui tiennent toutes leurs promesses<span class=\"s2\">.<\/span><\/p>\n<p class=\"p2\"><span class=\"s1\">Lamber Beauty<\/span>, c\u2019est l\u2019art de la formulation, la pr\u00e9cision cosm\u00e9tique et l\u2019exigence du r\u00e9sultat.<\/p>\n[\/vc_column_text][\/vc_column_inner][\/vc_row_inner][\/vc_column][\/vc_row][\/vc_section][vc_section full_width=\u00a0\u00bbstretch_row\u00a0\u00bb el_id=\u00a0\u00bbBachelor\u00a0\u00bb css=\u00a0\u00bb.vc_custom_1619776504138{background-color: #232323 !important;}\u00a0\u00bb][vc_row el_class=\u00a0\u00bbcontainer\u00a0\u00bb][vc_column width=\u00a0\u00bb1\/2&Prime; el_class=\u00a0\u00bbwhite\u00a0\u00bb][vc_column_text]<img data-recalc-dims=\"1\" loading=\"lazy\" decoding=\"async\" class=\"alignnone size-full wp-image-119228\" src=\"https:\/\/i0.wp.com\/lystes.store\/select\/lambertbeauty\/wp-content\/uploads\/sites\/15\/2025\/06\/330147994_233752125923974_537266617232648374_n.jpg?resize=1140%2C2027&#038;ssl=1\" alt=\"\" width=\"1140\" height=\"2027\" srcset=\"https:\/\/i0.wp.com\/lystes.store\/select\/lambertbeauty\/wp-content\/uploads\/sites\/15\/2025\/06\/330147994_233752125923974_537266617232648374_n.jpg?w=1170&amp;ssl=1 1170w, https:\/\/i0.wp.com\/lystes.store\/select\/lambertbeauty\/wp-content\/uploads\/sites\/15\/2025\/06\/330147994_233752125923974_537266617232648374_n.jpg?resize=169%2C300&amp;ssl=1 169w, https:\/\/i0.wp.com\/lystes.store\/select\/lambertbeauty\/wp-content\/uploads\/sites\/15\/2025\/06\/330147994_233752125923974_537266617232648374_n.jpg?resize=576%2C1024&amp;ssl=1 576w, https:\/\/i0.wp.com\/lystes.store\/select\/lambertbeauty\/wp-content\/uploads\/sites\/15\/2025\/06\/330147994_233752125923974_537266617232648374_n.jpg?resize=768%2C1365&amp;ssl=1 768w, https:\/\/i0.wp.com\/lystes.store\/select\/lambertbeauty\/wp-content\/uploads\/sites\/15\/2025\/06\/330147994_233752125923974_537266617232648374_n.jpg?resize=864%2C1536&amp;ssl=1 864w, https:\/\/i0.wp.com\/lystes.store\/select\/lambertbeauty\/wp-content\/uploads\/sites\/15\/2025\/06\/330147994_233752125923974_537266617232648374_n.jpg?resize=1152%2C2048&amp;ssl=1 1152w, https:\/\/i0.wp.com\/lystes.store\/select\/lambertbeauty\/wp-content\/uploads\/sites\/15\/2025\/06\/330147994_233752125923974_537266617232648374_n.jpg?resize=84%2C150&amp;ssl=1 84w, https:\/\/i0.wp.com\/lystes.store\/select\/lambertbeauty\/wp-content\/uploads\/sites\/15\/2025\/06\/330147994_233752125923974_537266617232648374_n.jpg?resize=900%2C1600&amp;ssl=1 900w\" sizes=\"auto, (max-width: 1140px) 100vw, 1140px\" \/>[\/vc_column_text][\/vc_column][vc_column width=\u00a0\u00bb1\/2&Prime;][vc_column_text]<img data-recalc-dims=\"1\" loading=\"lazy\" decoding=\"async\" class=\"alignnone size-full wp-image-119226\" src=\"https:\/\/i0.wp.com\/lystes.store\/select\/lambertbeauty\/wp-content\/uploads\/sites\/15\/2025\/06\/397155525_711074603855557_8780768466435334744_n.jpg?resize=1080%2C1920&#038;ssl=1\" alt=\"\" width=\"1080\" height=\"1920\" srcset=\"https:\/\/i0.wp.com\/lystes.store\/select\/lambertbeauty\/wp-content\/uploads\/sites\/15\/2025\/06\/397155525_711074603855557_8780768466435334744_n.jpg?w=1080&amp;ssl=1 1080w, https:\/\/i0.wp.com\/lystes.store\/select\/lambertbeauty\/wp-content\/uploads\/sites\/15\/2025\/06\/397155525_711074603855557_8780768466435334744_n.jpg?resize=169%2C300&amp;ssl=1 169w, https:\/\/i0.wp.com\/lystes.store\/select\/lambertbeauty\/wp-content\/uploads\/sites\/15\/2025\/06\/397155525_711074603855557_8780768466435334744_n.jpg?resize=576%2C1024&amp;ssl=1 576w, https:\/\/i0.wp.com\/lystes.store\/select\/lambertbeauty\/wp-content\/uploads\/sites\/15\/2025\/06\/397155525_711074603855557_8780768466435334744_n.jpg?resize=768%2C1365&amp;ssl=1 768w, https:\/\/i0.wp.com\/lystes.store\/select\/lambertbeauty\/wp-content\/uploads\/sites\/15\/2025\/06\/397155525_711074603855557_8780768466435334744_n.jpg?resize=864%2C1536&amp;ssl=1 864w, https:\/\/i0.wp.com\/lystes.store\/select\/lambertbeauty\/wp-content\/uploads\/sites\/15\/2025\/06\/397155525_711074603855557_8780768466435334744_n.jpg?resize=84%2C150&amp;ssl=1 84w, https:\/\/i0.wp.com\/lystes.store\/select\/lambertbeauty\/wp-content\/uploads\/sites\/15\/2025\/06\/397155525_711074603855557_8780768466435334744_n.jpg?resize=900%2C1600&amp;ssl=1 900w\" sizes=\"auto, (max-width: 1080px) 100vw, 1080px\" \/>[\/vc_column_text][\/vc_column][\/vc_row][\/vc_section]\n<\/div>","protected":false},"excerpt":{"rendered":"<p>[vc_section full_width=\u00a0\u00bbstretch_row\u00a0\u00bb el_id=\u00a0\u00bbaboutme\u00a0\u00bb css=\u00a0\u00bb.vc_custom_1632589870476{padding-top: 120px !important;background-position: center !important;background-repeat: no-repeat !important;background-size: cover !important;}\u00a0\u00bb][vc_row css=\u00a0\u00bb.vc_custom_1632583444096{padding-top: 45px !important;background-position: center !important;background-repeat: no-repeat !important;background-size: cover !important;}\u00a0\u00bb][vc_column][vc_row_inner el_class=\u00a0\u00bbcontenair\u00a0\u00bb][vc_column_inner width=\u00a0\u00bb1\/2&Prime; css=\u00a0\u00bb.vc_custom_1749201859074{background-image: url(https:\/\/lystes.store\/select\/lambertbeauty\/wp-content\/uploads\/sites\/15\/2025\/06\/398189878_2300057290179045_5376748581484207559_n-1-topaz-sharpen-face-upscale-2.4x-scaled.jpg?id=119230) !important;background-position: center !important;background-repeat: no-repeat !important;background-size: contain !important;}\u00a0\u00bb][vc_column_text el_id=\u00a0\u00bbvisio\u00a0\u00bb]ABOUT ME[\/vc_column_text][vc_empty_space height=\u00a0\u00bb350px\u00a0\u00bb][\/vc_column_inner][vc_column_inner width=\u00a0\u00bb1\/2&Prime; css=\u00a0\u00bb.vc_custom_1632589765980{padding-left: 70px !important;}\u00a0\u00bb][vc_column_text el_class=\u00a0\u00bbtitlescript\u00a0\u00bb]Concept [\/vc_column_text][vc_column_text] L\u2019exigence au service de votre beaut\u00e9. [\/vc_column_text][vc_column_text] Lamber Beauty [&hellip;]<\/p>\n","protected":false},"author":1,"featured_media":0,"parent":0,"menu_order":0,"comment_status":"closed","ping_status":"closed","template":"","meta":{"footnotes":""},"class_list":["post-114145","page","type-page","status-publish","hentry"],"acf":[],"yoast_head":"<!-- This site is optimized with the Yoast SEO plugin v25.3.1 - https:\/\/yoast.com\/wordpress\/plugins\/seo\/ -->\n<title>Concept - Lambert Beauty<\/title>\n<meta name=\"robots\" content=\"index, follow, max-snippet:-1, max-image-preview:large, max-video-preview:-1\" \/>\n<link rel=\"canonical\" href=\"https:\/\/lystes.store\/select\/lambertbeauty\/concept\/\" \/>\n<meta property=\"og:locale\" content=\"fr_FR\" \/>\n<meta property=\"og:type\" content=\"article\" \/>\n<meta property=\"og:title\" content=\"Concept - Lambert Beauty\" \/>\n<meta property=\"og:description\" content=\"[vc_section full_width=\u00a0\u00bbstretch_row\u00a0\u00bb el_id=\u00a0\u00bbaboutme\u00a0\u00bb css=\u00a0\u00bb.vc_custom_1632589870476{padding-top: 120px !important;background-position: center !important;background-repeat: no-repeat !important;background-size: cover !important;}\u00a0\u00bb][vc_row css=\u00a0\u00bb.vc_custom_1632583444096{padding-top: 45px !important;background-position: center !important;background-repeat: no-repeat !important;background-size: cover !important;}\u00a0\u00bb][vc_column][vc_row_inner el_class=\u00a0\u00bbcontenair\u00a0\u00bb][vc_column_inner width=\u00a0\u00bb1\/2&Prime; css=\u00a0\u00bb.vc_custom_1749201859074{background-image: url(https:\/\/lystes.store\/select\/lambertbeauty\/wp-content\/uploads\/sites\/15\/2025\/06\/398189878_2300057290179045_5376748581484207559_n-1-topaz-sharpen-face-upscale-2.4x-scaled.jpg?id=119230) !important;background-position: center !important;background-repeat: no-repeat !important;background-size: contain !important;}\u00a0\u00bb][vc_column_text el_id=\u00a0\u00bbvisio\u00a0\u00bb]ABOUT ME[\/vc_column_text][vc_empty_space height=\u00a0\u00bb350px\u00a0\u00bb][\/vc_column_inner][vc_column_inner width=\u00a0\u00bb1\/2&Prime; css=\u00a0\u00bb.vc_custom_1632589765980{padding-left: 70px !important;}\u00a0\u00bb][vc_column_text el_class=\u00a0\u00bbtitlescript\u00a0\u00bb]Concept [\/vc_column_text][vc_column_text] L\u2019exigence au service de votre beaut\u00e9. [\/vc_column_text][vc_column_text] Lamber Beauty [&hellip;]\" \/>\n<meta property=\"og:url\" content=\"https:\/\/lystes.store\/select\/lambertbeauty\/concept\/\" \/>\n<meta property=\"og:site_name\" content=\"Lambert Beauty\" \/>\n<meta property=\"article:modified_time\" content=\"2025-06-06T09:29:30+00:00\" \/>\n<meta property=\"og:image\" content=\"https:\/\/lystes.store\/select\/lambertbeauty\/wp-content\/uploads\/sites\/15\/2025\/06\/330147994_233752125923974_537266617232648374_n.jpg\" \/>\n<meta name=\"twitter:card\" content=\"summary_large_image\" \/>\n<meta name=\"twitter:label1\" content=\"Dur\u00e9e de lecture estim\u00e9e\" \/>\n\t<meta name=\"twitter:data1\" content=\"2 minutes\" \/>\n<script type=\"application\/ld+json\" class=\"yoast-schema-graph\">{\"@context\":\"https:\/\/schema.org\",\"@graph\":[{\"@type\":\"WebPage\",\"@id\":\"https:\/\/lystes.store\/select\/lambertbeauty\/concept\/\",\"url\":\"https:\/\/lystes.store\/select\/lambertbeauty\/concept\/\",\"name\":\"Concept - Lambert Beauty\",\"isPartOf\":{\"@id\":\"https:\/\/lystes.store\/select\/lambertbeauty\/#website\"},\"primaryImageOfPage\":{\"@id\":\"https:\/\/lystes.store\/select\/lambertbeauty\/concept\/#primaryimage\"},\"image\":{\"@id\":\"https:\/\/lystes.store\/select\/lambertbeauty\/concept\/#primaryimage\"},\"thumbnailUrl\":\"https:\/\/lystes.store\/select\/lambertbeauty\/wp-content\/uploads\/sites\/15\/2025\/06\/330147994_233752125923974_537266617232648374_n.jpg\",\"datePublished\":\"2022-01-14T11:17:44+00:00\",\"dateModified\":\"2025-06-06T09:29:30+00:00\",\"breadcrumb\":{\"@id\":\"https:\/\/lystes.store\/select\/lambertbeauty\/concept\/#breadcrumb\"},\"inLanguage\":\"fr-FR\",\"potentialAction\":[{\"@type\":\"ReadAction\",\"target\":[\"https:\/\/lystes.store\/select\/lambertbeauty\/concept\/\"]}]},{\"@type\":\"ImageObject\",\"inLanguage\":\"fr-FR\",\"@id\":\"https:\/\/lystes.store\/select\/lambertbeauty\/concept\/#primaryimage\",\"url\":\"https:\/\/i0.wp.com\/lystes.store\/select\/lambertbeauty\/wp-content\/uploads\/sites\/15\/2025\/06\/330147994_233752125923974_537266617232648374_n.jpg?fit=1170%2C2080&ssl=1\",\"contentUrl\":\"https:\/\/i0.wp.com\/lystes.store\/select\/lambertbeauty\/wp-content\/uploads\/sites\/15\/2025\/06\/330147994_233752125923974_537266617232648374_n.jpg?fit=1170%2C2080&ssl=1\",\"width\":1170,\"height\":2080},{\"@type\":\"BreadcrumbList\",\"@id\":\"https:\/\/lystes.store\/select\/lambertbeauty\/concept\/#breadcrumb\",\"itemListElement\":[{\"@type\":\"ListItem\",\"position\":1,\"name\":\"Accueil\",\"item\":\"https:\/\/lystes.store\/select\/lambertbeauty\/\"},{\"@type\":\"ListItem\",\"position\":2,\"name\":\"Concept\"}]},{\"@type\":\"WebSite\",\"@id\":\"https:\/\/lystes.store\/select\/lambertbeauty\/#website\",\"url\":\"https:\/\/lystes.store\/select\/lambertbeauty\/\",\"name\":\"Lambert Beauty\",\"description\":\"L&#039;excellence sinon rien\",\"potentialAction\":[{\"@type\":\"SearchAction\",\"target\":{\"@type\":\"EntryPoint\",\"urlTemplate\":\"https:\/\/lystes.store\/select\/lambertbeauty\/?s={search_term_string}\"},\"query-input\":{\"@type\":\"PropertyValueSpecification\",\"valueRequired\":true,\"valueName\":\"search_term_string\"}}],\"inLanguage\":\"fr-FR\"}]}<\/script>\n<!-- \/ Yoast SEO plugin. -->","yoast_head_json":{"title":"Concept - Lambert Beauty","robots":{"index":"index","follow":"follow","max-snippet":"max-snippet:-1","max-image-preview":"max-image-preview:large","max-video-preview":"max-video-preview:-1"},"canonical":"https:\/\/lystes.store\/select\/lambertbeauty\/concept\/","og_locale":"fr_FR","og_type":"article","og_title":"Concept - Lambert Beauty","og_description":"[vc_section full_width=\u00a0\u00bbstretch_row\u00a0\u00bb el_id=\u00a0\u00bbaboutme\u00a0\u00bb css=\u00a0\u00bb.vc_custom_1632589870476{padding-top: 120px !important;background-position: center !important;background-repeat: no-repeat !important;background-size: cover !important;}\u00a0\u00bb][vc_row css=\u00a0\u00bb.vc_custom_1632583444096{padding-top: 45px !important;background-position: center !important;background-repeat: no-repeat !important;background-size: cover !important;}\u00a0\u00bb][vc_column][vc_row_inner el_class=\u00a0\u00bbcontenair\u00a0\u00bb][vc_column_inner width=\u00a0\u00bb1\/2&Prime; css=\u00a0\u00bb.vc_custom_1749201859074{background-image: url(https:\/\/lystes.store\/select\/lambertbeauty\/wp-content\/uploads\/sites\/15\/2025\/06\/398189878_2300057290179045_5376748581484207559_n-1-topaz-sharpen-face-upscale-2.4x-scaled.jpg?id=119230) !important;background-position: center !important;background-repeat: no-repeat !important;background-size: contain !important;}\u00a0\u00bb][vc_column_text el_id=\u00a0\u00bbvisio\u00a0\u00bb]ABOUT ME[\/vc_column_text][vc_empty_space height=\u00a0\u00bb350px\u00a0\u00bb][\/vc_column_inner][vc_column_inner width=\u00a0\u00bb1\/2&Prime; css=\u00a0\u00bb.vc_custom_1632589765980{padding-left: 70px !important;}\u00a0\u00bb][vc_column_text el_class=\u00a0\u00bbtitlescript\u00a0\u00bb]Concept [\/vc_column_text][vc_column_text] L\u2019exigence au service de votre beaut\u00e9. [\/vc_column_text][vc_column_text] Lamber Beauty [&hellip;]","og_url":"https:\/\/lystes.store\/select\/lambertbeauty\/concept\/","og_site_name":"Lambert Beauty","article_modified_time":"2025-06-06T09:29:30+00:00","og_image":[{"url":"https:\/\/lystes.store\/select\/lambertbeauty\/wp-content\/uploads\/sites\/15\/2025\/06\/330147994_233752125923974_537266617232648374_n.jpg","type":"","width":"","height":""}],"twitter_card":"summary_large_image","twitter_misc":{"Dur\u00e9e de lecture estim\u00e9e":"2 minutes"},"schema":{"@context":"https:\/\/schema.org","@graph":[{"@type":"WebPage","@id":"https:\/\/lystes.store\/select\/lambertbeauty\/concept\/","url":"https:\/\/lystes.store\/select\/lambertbeauty\/concept\/","name":"Concept - Lambert Beauty","isPartOf":{"@id":"https:\/\/lystes.store\/select\/lambertbeauty\/#website"},"primaryImageOfPage":{"@id":"https:\/\/lystes.store\/select\/lambertbeauty\/concept\/#primaryimage"},"image":{"@id":"https:\/\/lystes.store\/select\/lambertbeauty\/concept\/#primaryimage"},"thumbnailUrl":"https:\/\/lystes.store\/select\/lambertbeauty\/wp-content\/uploads\/sites\/15\/2025\/06\/330147994_233752125923974_537266617232648374_n.jpg","datePublished":"2022-01-14T11:17:44+00:00","dateModified":"2025-06-06T09:29:30+00:00","breadcrumb":{"@id":"https:\/\/lystes.store\/select\/lambertbeauty\/concept\/#breadcrumb"},"inLanguage":"fr-FR","potentialAction":[{"@type":"ReadAction","target":["https:\/\/lystes.store\/select\/lambertbeauty\/concept\/"]}]},{"@type":"ImageObject","inLanguage":"fr-FR","@id":"https:\/\/lystes.store\/select\/lambertbeauty\/concept\/#primaryimage","url":"https:\/\/i0.wp.com\/lystes.store\/select\/lambertbeauty\/wp-content\/uploads\/sites\/15\/2025\/06\/330147994_233752125923974_537266617232648374_n.jpg?fit=1170%2C2080&ssl=1","contentUrl":"https:\/\/i0.wp.com\/lystes.store\/select\/lambertbeauty\/wp-content\/uploads\/sites\/15\/2025\/06\/330147994_233752125923974_537266617232648374_n.jpg?fit=1170%2C2080&ssl=1","width":1170,"height":2080},{"@type":"BreadcrumbList","@id":"https:\/\/lystes.store\/select\/lambertbeauty\/concept\/#breadcrumb","itemListElement":[{"@type":"ListItem","position":1,"name":"Accueil","item":"https:\/\/lystes.store\/select\/lambertbeauty\/"},{"@type":"ListItem","position":2,"name":"Concept"}]},{"@type":"WebSite","@id":"https:\/\/lystes.store\/select\/lambertbeauty\/#website","url":"https:\/\/lystes.store\/select\/lambertbeauty\/","name":"Lambert Beauty","description":"L&#039;excellence sinon rien","potentialAction":[{"@type":"SearchAction","target":{"@type":"EntryPoint","urlTemplate":"https:\/\/lystes.store\/select\/lambertbeauty\/?s={search_term_string}"},"query-input":{"@type":"PropertyValueSpecification","valueRequired":true,"valueName":"search_term_string"}}],"inLanguage":"fr-FR"}]}},"_links":{"self":[{"href":"https:\/\/lystes.store\/select\/lambertbeauty\/wp-json\/wp\/v2\/pages\/114145","targetHints":{"allow":["GET"]}}],"collection":[{"href":"https:\/\/lystes.store\/select\/lambertbeauty\/wp-json\/wp\/v2\/pages"}],"about":[{"href":"https:\/\/lystes.store\/select\/lambertbeauty\/wp-json\/wp\/v2\/types\/page"}],"author":[{"embeddable":true,"href":"https:\/\/lystes.store\/select\/lambertbeauty\/wp-json\/wp\/v2\/users\/1"}],"replies":[{"embeddable":true,"href":"https:\/\/lystes.store\/select\/lambertbeauty\/wp-json\/wp\/v2\/comments?post=114145"}],"version-history":[{"count":3,"href":"https:\/\/lystes.store\/select\/lambertbeauty\/wp-json\/wp\/v2\/pages\/114145\/revisions"}],"predecessor-version":[{"id":119239,"href":"https:\/\/lystes.store\/select\/lambertbeauty\/wp-json\/wp\/v2\/pages\/114145\/revisions\/119239"}],"wp:attachment":[{"href":"https:\/\/lystes.store\/select\/lambertbeauty\/wp-json\/wp\/v2\/media?parent=114145"}],"curies":[{"name":"wp","href":"https:\/\/api.w.org\/{rel}","templated":true}]}}