{"id":114145,"date":"2022-01-14T12:17:44","date_gmt":"2022-01-14T11:17:44","guid":{"rendered":"https:\/\/lystes.store\/select\/concept\/"},"modified":"2025-07-25T09:15:02","modified_gmt":"2025-07-25T07:15:02","slug":"concept","status":"publish","type":"page","link":"https:\/\/lystes.store\/select\/fannybeauty\/concept\/","title":{"rendered":"Concept"},"content":{"rendered":"<div class=\"wpb-content-wrapper\">[vc_section full_width=\u00a0\u00bbstretch_row\u00a0\u00bb el_id=\u00a0\u00bbaboutme\u00a0\u00bb css=\u00a0\u00bb.vc_custom_1632589870476{padding-top: 120px !important;background-position: center !important;background-repeat: no-repeat !important;background-size: cover !important;}\u00a0\u00bb][vc_row css=\u00a0\u00bb.vc_custom_1632583444096{padding-top: 45px !important;background-position: center !important;background-repeat: no-repeat !important;background-size: cover !important;}\u00a0\u00bb][vc_column][vc_row_inner el_class=\u00a0\u00bbcontenair\u00a0\u00bb][vc_column_inner width=\u00a0\u00bb1\/2&Prime; css=\u00a0\u00bb.vc_custom_1753427698882{background-image: url(https:\/\/lystes.store\/select\/fannybeauty\/wp-content\/uploads\/sites\/18\/2025\/07\/29137757-0B2D-4330-BC01-730B987D6300.jpeg?id=121609) !important;background-position: center !important;background-repeat: no-repeat !important;background-size: contain !important;}\u00a0\u00bb][vc_column_text el_id=\u00a0\u00bbvisio\u00a0\u00bb]ABOUT ME[\/vc_column_text][vc_empty_space height=\u00a0\u00bb350px\u00a0\u00bb][\/vc_column_inner][vc_column_inner width=\u00a0\u00bb1\/2&Prime; css=\u00a0\u00bb.vc_custom_1632589765980{padding-left: 70px !important;}\u00a0\u00bb][vc_column_text el_class=\u00a0\u00bbtitlescript\u00a0\u00bb]Concept<\/p>\n<div id=\"gtx-trans\" style=\"position: absolute; left: 169px; top: 38px;\">\n<div class=\"gtx-trans-icon\"><\/div>\n<\/div>\n[\/vc_column_text][vc_column_text]\n<h2>L\u2019exigence au service de votre beaut\u00e9.<\/h2>\n[\/vc_column_text][vc_column_text]\n<p class=\"p1\"><span class=\"s1\"><b>Fanny Beauty<\/b><\/span> est n\u00e9e d\u2019une ambition claire : proposer des soins capillaires et esth\u00e9tiques qui allient <span class=\"s1\"><b>performance exceptionnelle<\/b><\/span> et <span class=\"s1\"><b>plaisir sensoriel<\/b><\/span>, sans compromis.<\/p>\n<p class=\"p1\">Chaque formule est pens\u00e9e pour <span class=\"s1\"><b>r\u00e9v\u00e9ler naturellement<\/b><\/span> la beaut\u00e9 des cheveux et de la peau. Les r\u00e9sultats sont visibles d\u00e8s la premi\u00e8re application, avec une texture agr\u00e9able et une finition impeccable.<\/p>\n<p class=\"p1\">Derri\u00e8re Fanny Beauty, on per\u00e7oit une vision assum\u00e9e de la beaut\u00e9 : <span class=\"s1\"><b>confiante, raffin\u00e9e, exigeante<\/b><\/span> \u2014 \u00e0 l\u2019image du positionnement du salon parisien actif depuis novembre 2020<span class=\"Apple-converted-space\">\u00a0 <\/span>.<\/p>\n<p class=\"p3\"><span class=\"s3\">Nos soins s\u2019adressent \u00e0 une client\u00e8le qui sait ce qu\u2019elle attend : <\/span><b>efficacit\u00e9, sensorialit\u00e9, diff\u00e9rence tangible d\u00e8s la premi\u00e8re utilisation<\/b><span class=\"s3\">.<\/span><\/p>\n<p class=\"p1\">Nous s\u00e9lectionnons des <span class=\"s1\"><b>actifs reconnus<\/b><\/span>, des <span class=\"s1\"><b>textiles haut de gamme<\/b><\/span>, des <span class=\"s1\"><b>parfums subtils<\/b><\/span>, afin de transformer chaque rituel de soin en un moment d\u2019<span class=\"s1\"><b>excellence ma\u00eetris\u00e9e<\/b><\/span> et de <span class=\"s1\"><b>plaisir raffin\u00e9<\/b><\/span>.<\/p>\n<p class=\"p1\">Notre exigence est simple : fournir des soins \u00e0 la hauteur des attentes les plus ambitieuses, avec une formulation ma\u00eetris\u00e9e, une pr\u00e9cision cosm\u00e9tique et une exigence de r\u00e9sultat sans faille.<\/p>\n<p class=\"p1\"><span class=\"s1\"><b>Fanny Beauty<\/b><\/span>, c\u2019est l\u2019art de la formulation alli\u00e9 \u00e0 la rigueur cosm\u00e9tique, pour une beaut\u00e9 per\u00e7ue, ressentie, r\u00e9elle.<\/p>\n[\/vc_column_text][\/vc_column_inner][\/vc_row_inner][\/vc_column][\/vc_row][\/vc_section][vc_section full_width=\u00a0\u00bbstretch_row\u00a0\u00bb el_id=\u00a0\u00bbBachelor\u00a0\u00bb css=\u00a0\u00bb.vc_custom_1619776504138{background-color: #232323 !important;}\u00a0\u00bb][vc_row el_class=\u00a0\u00bbcontainer\u00a0\u00bb][vc_column width=\u00a0\u00bb1\/2&Prime; el_class=\u00a0\u00bbwhite\u00a0\u00bb][vc_column_text]<img data-recalc-dims=\"1\" loading=\"lazy\" decoding=\"async\" class=\"alignnone size-full wp-image-121787\" src=\"https:\/\/i0.wp.com\/lystes.store\/select\/fannybeauty\/wp-content\/uploads\/sites\/18\/2025\/07\/3dcbf41e-2042-4447-a468-892b47adfd3c-scaled-1.jpeg?resize=1140%2C1520&#038;ssl=1\" alt=\"\" width=\"1140\" height=\"1520\" srcset=\"https:\/\/i0.wp.com\/lystes.store\/select\/fannybeauty\/wp-content\/uploads\/sites\/18\/2025\/07\/3dcbf41e-2042-4447-a468-892b47adfd3c-scaled-1.jpeg?w=1920&amp;ssl=1 1920w, https:\/\/i0.wp.com\/lystes.store\/select\/fannybeauty\/wp-content\/uploads\/sites\/18\/2025\/07\/3dcbf41e-2042-4447-a468-892b47adfd3c-scaled-1.jpeg?resize=225%2C300&amp;ssl=1 225w, https:\/\/i0.wp.com\/lystes.store\/select\/fannybeauty\/wp-content\/uploads\/sites\/18\/2025\/07\/3dcbf41e-2042-4447-a468-892b47adfd3c-scaled-1.jpeg?resize=768%2C1024&amp;ssl=1 768w, https:\/\/i0.wp.com\/lystes.store\/select\/fannybeauty\/wp-content\/uploads\/sites\/18\/2025\/07\/3dcbf41e-2042-4447-a468-892b47adfd3c-scaled-1.jpeg?resize=1152%2C1536&amp;ssl=1 1152w, https:\/\/i0.wp.com\/lystes.store\/select\/fannybeauty\/wp-content\/uploads\/sites\/18\/2025\/07\/3dcbf41e-2042-4447-a468-892b47adfd3c-scaled-1.jpeg?resize=1536%2C2048&amp;ssl=1 1536w, https:\/\/i0.wp.com\/lystes.store\/select\/fannybeauty\/wp-content\/uploads\/sites\/18\/2025\/07\/3dcbf41e-2042-4447-a468-892b47adfd3c-scaled-1.jpeg?resize=113%2C150&amp;ssl=1 113w, https:\/\/i0.wp.com\/lystes.store\/select\/fannybeauty\/wp-content\/uploads\/sites\/18\/2025\/07\/3dcbf41e-2042-4447-a468-892b47adfd3c-scaled-1.jpeg?resize=900%2C1200&amp;ssl=1 900w\" sizes=\"auto, (max-width: 1140px) 100vw, 1140px\" \/>[\/vc_column_text][\/vc_column][vc_column width=\u00a0\u00bb1\/2&Prime;][vc_column_text]<img data-recalc-dims=\"1\" loading=\"lazy\" decoding=\"async\" class=\"alignnone size-full wp-image-120190\" src=\"https:\/\/i0.wp.com\/lystes.store\/select\/fannybeauty\/wp-content\/uploads\/sites\/18\/2025\/07\/28D64CEA-DD91-45EF-9122-C9DB336D5E06.jpeg?resize=768%2C1024&#038;ssl=1\" alt=\"\" width=\"768\" height=\"1024\" srcset=\"https:\/\/i0.wp.com\/lystes.store\/select\/fannybeauty\/wp-content\/uploads\/sites\/18\/2025\/07\/28D64CEA-DD91-45EF-9122-C9DB336D5E06.jpeg?w=768&amp;ssl=1 768w, https:\/\/i0.wp.com\/lystes.store\/select\/fannybeauty\/wp-content\/uploads\/sites\/18\/2025\/07\/28D64CEA-DD91-45EF-9122-C9DB336D5E06.jpeg?resize=225%2C300&amp;ssl=1 225w, https:\/\/i0.wp.com\/lystes.store\/select\/fannybeauty\/wp-content\/uploads\/sites\/18\/2025\/07\/28D64CEA-DD91-45EF-9122-C9DB336D5E06.jpeg?resize=113%2C150&amp;ssl=1 113w\" sizes=\"auto, (max-width: 768px) 100vw, 768px\" \/>[\/vc_column_text][\/vc_column][\/vc_row][\/vc_section][vc_section disable_element=\u00a0\u00bbyes\u00a0\u00bb el_id=\u00a0\u00bbwork\u00a0\u00bb][vc_row css=\u00a0\u00bb.vc_custom_1619973005469{padding-bottom: 90px !important;}\u00a0\u00bb][vc_column][vc_row_inner el_class=\u00a0\u00bbcontenair\u00a0\u00bb][vc_column_inner width=\u00a0\u00bb1\/2&Prime;][vc_column_text]<img data-recalc-dims=\"1\" loading=\"lazy\" decoding=\"async\" class=\"alignnone size-full wp-image-118400\" src=\"https:\/\/i0.wp.com\/lystes.store\/select\/wp-content\/uploads\/2025\/04\/Pinterest_Download-5-topaz-upscale-3.5x.png?resize=1140%2C1140&#038;ssl=1\" alt=\"\" width=\"1140\" height=\"1140\" \/>[\/vc_column_text][\/vc_column_inner][vc_column_inner width=\u00a0\u00bb1\/2&Prime;][vc_column_text el_class=\u00a0\u00bbwhiteblock\u00a0\u00bb]\n<h1 style=\"text-align: left;\"><strong>Sev Formal<br \/>\nfondatrice de Cubano Hair<\/strong><\/h1>\n<div id=\"gtx-trans\" style=\"position: absolute; left: 138px; top: -1.0625px;\">\n<div class=\"gtx-trans-icon\"><\/div>\n<\/div>\n[\/vc_column_text][vc_column_text]Cubano Hair, fondatrice de GLOWLY PARIS, est une experte internationale reconnue dans l\u2019univers de la beaut\u00e9 et de l\u2019esth\u00e9tique. Titulaire d\u2019un Master en droit et gestion, Sciences du Management et sp\u00e9cialisation en Ressources Humaines, elle a d\u00e9but\u00e9 sa carri\u00e8re comme Directrice des Ressources Humaines avant de se r\u00e9inventer pour poursuivre sa v\u00e9ritable passion : la beaut\u00e9.<\/p>\n<p>Form\u00e9e dans des institutions prestigieuses en France et aux \u00c9tats-Unis et au Br\u00e9sil, Demo est sp\u00e9cialis\u00e9e dans le maquillage professionnel, les tatouages cosm\u00e9tiques et m\u00e9dicaux ainsi que les soins esth\u00e9tiques avanc\u00e9s. Forte de son expertise, elle a su innover en int\u00e9grant des techniques r\u00e9volutionnaires adapt\u00e9es \u00e0 toutes les carnations et tous les types de peaux, faisant de GLOWLY PARIS une r\u00e9f\u00e9rence dans plusieurs pays.<\/p>\n<p>Guid\u00e9e par sa devise, \u00ab L\u2019excellence sinon rien \u00bb, elle met un point d\u2019honneur \u00e0 offrir un service personnalis\u00e9, refl\u00e9tant un engagement in\u00e9branlable envers la qualit\u00e9. En tant qu\u2019Entrepreneure accomplie, elle transmet son savoir-faire \u00e0 travers des formations agr\u00e9\u00e9es, inspirant une nouvelle g\u00e9n\u00e9ration de professionnels dans le monde entier.[\/vc_column_text][\/vc_column_inner][\/vc_row_inner][\/vc_column][\/vc_row][\/vc_section]\n<\/div>","protected":false},"excerpt":{"rendered":"<p>[vc_section full_width=\u00a0\u00bbstretch_row\u00a0\u00bb el_id=\u00a0\u00bbaboutme\u00a0\u00bb css=\u00a0\u00bb.vc_custom_1632589870476{padding-top: 120px !important;background-position: center !important;background-repeat: no-repeat !important;background-size: cover !important;}\u00a0\u00bb][vc_row css=\u00a0\u00bb.vc_custom_1632583444096{padding-top: 45px !important;background-position: center !important;background-repeat: no-repeat !important;background-size: cover !important;}\u00a0\u00bb][vc_column][vc_row_inner el_class=\u00a0\u00bbcontenair\u00a0\u00bb][vc_column_inner width=\u00a0\u00bb1\/2&Prime; css=\u00a0\u00bb.vc_custom_1753427698882{background-image: url(https:\/\/lystes.store\/select\/fannybeauty\/wp-content\/uploads\/sites\/18\/2025\/07\/29137757-0B2D-4330-BC01-730B987D6300.jpeg?id=121609) !important;background-position: center !important;background-repeat: no-repeat !important;background-size: contain !important;}\u00a0\u00bb][vc_column_text el_id=\u00a0\u00bbvisio\u00a0\u00bb]ABOUT ME[\/vc_column_text][vc_empty_space height=\u00a0\u00bb350px\u00a0\u00bb][\/vc_column_inner][vc_column_inner width=\u00a0\u00bb1\/2&Prime; css=\u00a0\u00bb.vc_custom_1632589765980{padding-left: 70px !important;}\u00a0\u00bb][vc_column_text el_class=\u00a0\u00bbtitlescript\u00a0\u00bb]Concept [\/vc_column_text][vc_column_text] L\u2019exigence au service de votre beaut\u00e9. [\/vc_column_text][vc_column_text] Fanny Beauty [&hellip;]<\/p>\n","protected":false},"author":1,"featured_media":0,"parent":0,"menu_order":0,"comment_status":"closed","ping_status":"closed","template":"","meta":{"footnotes":""},"class_list":["post-114145","page","type-page","status-publish","hentry"],"acf":[],"yoast_head":"<!-- This site is optimized with the Yoast SEO plugin v25.3.1 - https:\/\/yoast.com\/wordpress\/plugins\/seo\/ -->\n<title>Concept - Fanny Beauty<\/title>\n<meta name=\"robots\" content=\"index, follow, max-snippet:-1, max-image-preview:large, max-video-preview:-1\" \/>\n<link rel=\"canonical\" href=\"https:\/\/lystes.store\/select\/fannybeauty\/concept\/\" \/>\n<meta property=\"og:locale\" content=\"fr_FR\" \/>\n<meta property=\"og:type\" content=\"article\" \/>\n<meta property=\"og:title\" content=\"Concept - Fanny Beauty\" \/>\n<meta property=\"og:description\" content=\"[vc_section full_width=\u00a0\u00bbstretch_row\u00a0\u00bb el_id=\u00a0\u00bbaboutme\u00a0\u00bb css=\u00a0\u00bb.vc_custom_1632589870476{padding-top: 120px !important;background-position: center !important;background-repeat: no-repeat !important;background-size: cover !important;}\u00a0\u00bb][vc_row css=\u00a0\u00bb.vc_custom_1632583444096{padding-top: 45px !important;background-position: center !important;background-repeat: no-repeat !important;background-size: cover !important;}\u00a0\u00bb][vc_column][vc_row_inner el_class=\u00a0\u00bbcontenair\u00a0\u00bb][vc_column_inner width=\u00a0\u00bb1\/2&Prime; css=\u00a0\u00bb.vc_custom_1753427698882{background-image: url(https:\/\/lystes.store\/select\/fannybeauty\/wp-content\/uploads\/sites\/18\/2025\/07\/29137757-0B2D-4330-BC01-730B987D6300.jpeg?id=121609) !important;background-position: center !important;background-repeat: no-repeat !important;background-size: contain !important;}\u00a0\u00bb][vc_column_text el_id=\u00a0\u00bbvisio\u00a0\u00bb]ABOUT ME[\/vc_column_text][vc_empty_space height=\u00a0\u00bb350px\u00a0\u00bb][\/vc_column_inner][vc_column_inner width=\u00a0\u00bb1\/2&Prime; css=\u00a0\u00bb.vc_custom_1632589765980{padding-left: 70px !important;}\u00a0\u00bb][vc_column_text el_class=\u00a0\u00bbtitlescript\u00a0\u00bb]Concept [\/vc_column_text][vc_column_text] L\u2019exigence au service de votre beaut\u00e9. [\/vc_column_text][vc_column_text] Fanny Beauty [&hellip;]\" \/>\n<meta property=\"og:url\" content=\"https:\/\/lystes.store\/select\/fannybeauty\/concept\/\" \/>\n<meta property=\"og:site_name\" content=\"Fanny Beauty\" \/>\n<meta property=\"article:modified_time\" content=\"2025-07-25T07:15:02+00:00\" \/>\n<meta property=\"og:image\" content=\"https:\/\/lystes.store\/select\/fannybeauty\/wp-content\/uploads\/sites\/18\/2025\/07\/3dcbf41e-2042-4447-a468-892b47adfd3c-scaled-1.jpeg\" \/>\n<meta name=\"twitter:card\" content=\"summary_large_image\" \/>\n<meta name=\"twitter:label1\" content=\"Dur\u00e9e de lecture estim\u00e9e\" \/>\n\t<meta name=\"twitter:data1\" content=\"3 minutes\" \/>\n<script type=\"application\/ld+json\" class=\"yoast-schema-graph\">{\"@context\":\"https:\/\/schema.org\",\"@graph\":[{\"@type\":\"WebPage\",\"@id\":\"https:\/\/lystes.store\/select\/fannybeauty\/concept\/\",\"url\":\"https:\/\/lystes.store\/select\/fannybeauty\/concept\/\",\"name\":\"Concept - Fanny Beauty\",\"isPartOf\":{\"@id\":\"https:\/\/lystes.store\/select\/fannybeauty\/#website\"},\"primaryImageOfPage\":{\"@id\":\"https:\/\/lystes.store\/select\/fannybeauty\/concept\/#primaryimage\"},\"image\":{\"@id\":\"https:\/\/lystes.store\/select\/fannybeauty\/concept\/#primaryimage\"},\"thumbnailUrl\":\"https:\/\/lystes.store\/select\/fannybeauty\/wp-content\/uploads\/sites\/18\/2025\/07\/3dcbf41e-2042-4447-a468-892b47adfd3c-scaled-1.jpeg\",\"datePublished\":\"2022-01-14T11:17:44+00:00\",\"dateModified\":\"2025-07-25T07:15:02+00:00\",\"breadcrumb\":{\"@id\":\"https:\/\/lystes.store\/select\/fannybeauty\/concept\/#breadcrumb\"},\"inLanguage\":\"fr-FR\",\"potentialAction\":[{\"@type\":\"ReadAction\",\"target\":[\"https:\/\/lystes.store\/select\/fannybeauty\/concept\/\"]}]},{\"@type\":\"ImageObject\",\"inLanguage\":\"fr-FR\",\"@id\":\"https:\/\/lystes.store\/select\/fannybeauty\/concept\/#primaryimage\",\"url\":\"https:\/\/i0.wp.com\/lystes.store\/select\/fannybeauty\/wp-content\/uploads\/sites\/18\/2025\/07\/3dcbf41e-2042-4447-a468-892b47adfd3c-scaled-1.jpeg?fit=1920%2C2560&ssl=1\",\"contentUrl\":\"https:\/\/i0.wp.com\/lystes.store\/select\/fannybeauty\/wp-content\/uploads\/sites\/18\/2025\/07\/3dcbf41e-2042-4447-a468-892b47adfd3c-scaled-1.jpeg?fit=1920%2C2560&ssl=1\",\"width\":1920,\"height\":2560},{\"@type\":\"BreadcrumbList\",\"@id\":\"https:\/\/lystes.store\/select\/fannybeauty\/concept\/#breadcrumb\",\"itemListElement\":[{\"@type\":\"ListItem\",\"position\":1,\"name\":\"Accueil\",\"item\":\"https:\/\/lystes.store\/select\/fannybeauty\/\"},{\"@type\":\"ListItem\",\"position\":2,\"name\":\"Concept\"}]},{\"@type\":\"WebSite\",\"@id\":\"https:\/\/lystes.store\/select\/fannybeauty\/#website\",\"url\":\"https:\/\/lystes.store\/select\/fannybeauty\/\",\"name\":\"Fanny Beauty\",\"description\":\"L&#039;excellence sinon rien\",\"potentialAction\":[{\"@type\":\"SearchAction\",\"target\":{\"@type\":\"EntryPoint\",\"urlTemplate\":\"https:\/\/lystes.store\/select\/fannybeauty\/?s={search_term_string}\"},\"query-input\":{\"@type\":\"PropertyValueSpecification\",\"valueRequired\":true,\"valueName\":\"search_term_string\"}}],\"inLanguage\":\"fr-FR\"}]}<\/script>\n<!-- \/ Yoast SEO plugin. -->","yoast_head_json":{"title":"Concept - Fanny Beauty","robots":{"index":"index","follow":"follow","max-snippet":"max-snippet:-1","max-image-preview":"max-image-preview:large","max-video-preview":"max-video-preview:-1"},"canonical":"https:\/\/lystes.store\/select\/fannybeauty\/concept\/","og_locale":"fr_FR","og_type":"article","og_title":"Concept - Fanny Beauty","og_description":"[vc_section full_width=\u00a0\u00bbstretch_row\u00a0\u00bb el_id=\u00a0\u00bbaboutme\u00a0\u00bb css=\u00a0\u00bb.vc_custom_1632589870476{padding-top: 120px !important;background-position: center !important;background-repeat: no-repeat !important;background-size: cover !important;}\u00a0\u00bb][vc_row css=\u00a0\u00bb.vc_custom_1632583444096{padding-top: 45px !important;background-position: center !important;background-repeat: no-repeat !important;background-size: cover !important;}\u00a0\u00bb][vc_column][vc_row_inner el_class=\u00a0\u00bbcontenair\u00a0\u00bb][vc_column_inner width=\u00a0\u00bb1\/2&Prime; css=\u00a0\u00bb.vc_custom_1753427698882{background-image: url(https:\/\/lystes.store\/select\/fannybeauty\/wp-content\/uploads\/sites\/18\/2025\/07\/29137757-0B2D-4330-BC01-730B987D6300.jpeg?id=121609) !important;background-position: center !important;background-repeat: no-repeat !important;background-size: contain !important;}\u00a0\u00bb][vc_column_text el_id=\u00a0\u00bbvisio\u00a0\u00bb]ABOUT ME[\/vc_column_text][vc_empty_space height=\u00a0\u00bb350px\u00a0\u00bb][\/vc_column_inner][vc_column_inner width=\u00a0\u00bb1\/2&Prime; css=\u00a0\u00bb.vc_custom_1632589765980{padding-left: 70px !important;}\u00a0\u00bb][vc_column_text el_class=\u00a0\u00bbtitlescript\u00a0\u00bb]Concept [\/vc_column_text][vc_column_text] L\u2019exigence au service de votre beaut\u00e9. [\/vc_column_text][vc_column_text] Fanny Beauty [&hellip;]","og_url":"https:\/\/lystes.store\/select\/fannybeauty\/concept\/","og_site_name":"Fanny Beauty","article_modified_time":"2025-07-25T07:15:02+00:00","og_image":[{"url":"https:\/\/lystes.store\/select\/fannybeauty\/wp-content\/uploads\/sites\/18\/2025\/07\/3dcbf41e-2042-4447-a468-892b47adfd3c-scaled-1.jpeg","type":"","width":"","height":""}],"twitter_card":"summary_large_image","twitter_misc":{"Dur\u00e9e de lecture estim\u00e9e":"3 minutes"},"schema":{"@context":"https:\/\/schema.org","@graph":[{"@type":"WebPage","@id":"https:\/\/lystes.store\/select\/fannybeauty\/concept\/","url":"https:\/\/lystes.store\/select\/fannybeauty\/concept\/","name":"Concept - Fanny Beauty","isPartOf":{"@id":"https:\/\/lystes.store\/select\/fannybeauty\/#website"},"primaryImageOfPage":{"@id":"https:\/\/lystes.store\/select\/fannybeauty\/concept\/#primaryimage"},"image":{"@id":"https:\/\/lystes.store\/select\/fannybeauty\/concept\/#primaryimage"},"thumbnailUrl":"https:\/\/lystes.store\/select\/fannybeauty\/wp-content\/uploads\/sites\/18\/2025\/07\/3dcbf41e-2042-4447-a468-892b47adfd3c-scaled-1.jpeg","datePublished":"2022-01-14T11:17:44+00:00","dateModified":"2025-07-25T07:15:02+00:00","breadcrumb":{"@id":"https:\/\/lystes.store\/select\/fannybeauty\/concept\/#breadcrumb"},"inLanguage":"fr-FR","potentialAction":[{"@type":"ReadAction","target":["https:\/\/lystes.store\/select\/fannybeauty\/concept\/"]}]},{"@type":"ImageObject","inLanguage":"fr-FR","@id":"https:\/\/lystes.store\/select\/fannybeauty\/concept\/#primaryimage","url":"https:\/\/i0.wp.com\/lystes.store\/select\/fannybeauty\/wp-content\/uploads\/sites\/18\/2025\/07\/3dcbf41e-2042-4447-a468-892b47adfd3c-scaled-1.jpeg?fit=1920%2C2560&ssl=1","contentUrl":"https:\/\/i0.wp.com\/lystes.store\/select\/fannybeauty\/wp-content\/uploads\/sites\/18\/2025\/07\/3dcbf41e-2042-4447-a468-892b47adfd3c-scaled-1.jpeg?fit=1920%2C2560&ssl=1","width":1920,"height":2560},{"@type":"BreadcrumbList","@id":"https:\/\/lystes.store\/select\/fannybeauty\/concept\/#breadcrumb","itemListElement":[{"@type":"ListItem","position":1,"name":"Accueil","item":"https:\/\/lystes.store\/select\/fannybeauty\/"},{"@type":"ListItem","position":2,"name":"Concept"}]},{"@type":"WebSite","@id":"https:\/\/lystes.store\/select\/fannybeauty\/#website","url":"https:\/\/lystes.store\/select\/fannybeauty\/","name":"Fanny Beauty","description":"L&#039;excellence sinon rien","potentialAction":[{"@type":"SearchAction","target":{"@type":"EntryPoint","urlTemplate":"https:\/\/lystes.store\/select\/fannybeauty\/?s={search_term_string}"},"query-input":{"@type":"PropertyValueSpecification","valueRequired":true,"valueName":"search_term_string"}}],"inLanguage":"fr-FR"}]}},"_links":{"self":[{"href":"https:\/\/lystes.store\/select\/fannybeauty\/wp-json\/wp\/v2\/pages\/114145","targetHints":{"allow":["GET"]}}],"collection":[{"href":"https:\/\/lystes.store\/select\/fannybeauty\/wp-json\/wp\/v2\/pages"}],"about":[{"href":"https:\/\/lystes.store\/select\/fannybeauty\/wp-json\/wp\/v2\/types\/page"}],"author":[{"embeddable":true,"href":"https:\/\/lystes.store\/select\/fannybeauty\/wp-json\/wp\/v2\/users\/1"}],"replies":[{"embeddable":true,"href":"https:\/\/lystes.store\/select\/fannybeauty\/wp-json\/wp\/v2\/comments?post=114145"}],"version-history":[{"count":5,"href":"https:\/\/lystes.store\/select\/fannybeauty\/wp-json\/wp\/v2\/pages\/114145\/revisions"}],"predecessor-version":[{"id":121798,"href":"https:\/\/lystes.store\/select\/fannybeauty\/wp-json\/wp\/v2\/pages\/114145\/revisions\/121798"}],"wp:attachment":[{"href":"https:\/\/lystes.store\/select\/fannybeauty\/wp-json\/wp\/v2\/media?parent=114145"}],"curies":[{"name":"wp","href":"https:\/\/api.w.org\/{rel}","templated":true}]}}