{"id":89210,"date":"2025-03-20T22:11:27","date_gmt":"2025-03-20T21:11:27","guid":{"rendered":"https:\/\/lystes.store\/select\/dreamvirginhair\/?post_type=product&#038;p=89210"},"modified":"2025-08-03T17:54:46","modified_gmt":"2025-08-03T15:54:46","slug":"lot-tissage-asian-hair-body-wave","status":"publish","type":"product","link":"https:\/\/lystes.store\/select\/dreamvirginhair\/product\/lot-tissage-asian-hair-body-wave\/","title":{"rendered":"Lot Tissage ASIAN HAIR &#8211; Body Wave"},"content":{"rendered":"","protected":false},"excerpt":{"rendered":"<p>Optez pour nos m\u00e8ches <strong>Asian Hair<\/strong> Body wave (ondul\u00e9), 100% cheveux humains et vierges, d&#8217;excellente qualit\u00e9.<br \/>\nElles sont vendues par paquet de 100 grammes environ.<br \/>\nVous pouvez les colorer, d\u00e9colorer, utiliser des outils de coiffure tels que fer \u00e0 lisser, fer \u00e0 boucler&#8230;<\/p>\n<h3> Combien de paquets dois-je prendre ? <\/h3>\n<p>Pour un volume classique :<br \/>\nDu 8&#8243; au 14&#8243; vous aurez besoin de 2 \u00e0 3 paquets<br \/>\n16&#8243; au 22&#8243; vous aurez besoin de 3 \u00e0 4 paquets<br \/>\n24&#8243; au\u00a0 30&#8243; vous aurez besoin de 4 \u00e0 5 paquets<br \/>\nPour beaucoup de volume pr\u00e9voir 1, 2 ou m\u00eame 3 paquets de plus.<\/p>\n<h3>Entretien:<\/h3>\n<p>Shampoing (sans frotter) 1 \u00e0 2 fois par semaine \u00e0 l&#8217;eau ti\u00e8de.<br \/>\nAppliquer ensuite un apr\u00e8s-shampoing, un soin, ou masque capillaire \u00e0 laisser poser.<br \/>\nRincez puis enlever l&#8217;exc\u00e8s d&#8217;eau en tamponnant avec une serviette.<br \/>\nVous pouvez par la suite s\u00e9cher au s\u00e8che cheveu ou laisser s\u00e9cher \u00e0 l&#8217;air libre. <\/p>\n<h3>\u00c0 propos de Dream Virgin Hair:<\/h3>\n<p>Leader de la vente de m\u00e8ches (pour tissages) et perruques 100% human hair en France, Dream Virgin Hair est la r\u00e9f\u00e9rence pour des cheveux de qualit\u00e9 au meilleur prix. En plus de notre site internet vous pouvez \u00e9galement retrouver notre \u00e9quipe et nos produits au sein de notre salon de coiffure Keliyah Beaut\u00e9 situ\u00e9 au <strong>7 rue Ren\u00e9 Boulanger 75010 Paris<\/strong>, nous vous y accueillons avec et sans rendez-vous du mardi au samedi (vente, confection sur-mesure et prestations coiffure).<\/p>\n<h3>\u00c0 propos de notre site internet:<\/h3>\n<p>Site Fran\u00e7ais.<br \/>\nPaiements 100% s\u00e9curis\u00e9s.<br \/>\nToutes les commandes sont exp\u00e9di\u00e9es depuis la France (Paris).<br \/>\nD\u00e9lais de livraison (pour la France m\u00e9tropolitaine) : 24\/48h pour la livraison express, 2 \u00e0 5 jours pour une livraison Colissimo et 5-8 jours ouvrables pour une livraison point relais.<br \/>\n<strong>Suivi de commande:<\/strong><br \/>\nToutes les commandes disposent d&#8217;un num\u00e9ro de suivi qui vous sera automatiquement communiqu\u00e9 par e-mail d\u00e8s la commande exp\u00e9di\u00e9e.<br \/>\n<strong>Notre service client reste \u00e0 votre disposition<\/strong>. Pour toute question vous pouvez nous contacter via les r\u00e9seaux sociaux <a href=\"https:\/\/www.facebook.com\/dvhparis\/\" rel=\"noopener noreferrer\" target=\"_blank\">Facebook<\/a> et <a href=\"https:\/\/www.instagram.com\/amandineluxioushair\/\" rel=\"noopener noreferrer\" target=\"_blank\">Instagram<\/a> @amandineluxioushair.<\/p>\n","protected":false},"featured_media":142685,"comment_status":"closed","ping_status":"closed","template":"","meta":[],"product_brand":[],"product_cat":[1073,1182,1074,1131,1076,1101,1183],"product_tag":[385],"class_list":{"0":"post-89210","1":"product","2":"type-product","3":"status-publish","4":"has-post-thumbnail","6":"product_cat-all","7":"product_cat-black-friday","8":"product_cat-home","9":"product_cat-promotions","10":"product_cat-tissages","11":"product_cat-tissages-asian-hair","12":"product_cat-tissages-en-lots","13":"product_tag-black-friday","15":"first","16":"instock","17":"sale","18":"taxable","19":"shipping-taxable","20":"purchasable","21":"product-type-variable"},"acf":[],"yoast_head":"<!-- This site is optimized with the Yoast SEO plugin v25.3.1 - https:\/\/yoast.com\/wordpress\/plugins\/seo\/ -->\n<title>Lot Tissage ASIAN HAIR - Body Wave - Dream Virgin Hair<\/title>\n<meta name=\"robots\" content=\"index, follow, max-snippet:-1, max-image-preview:large, max-video-preview:-1\" \/>\n<link rel=\"canonical\" href=\"https:\/\/lystes.store\/select\/dreamvirginhair\/product\/lot-tissage-asian-hair-body-wave\/\" \/>\n<meta property=\"og:locale\" content=\"en_US\" \/>\n<meta property=\"og:type\" content=\"article\" \/>\n<meta property=\"og:title\" content=\"Lot Tissage ASIAN HAIR - Body Wave - Dream Virgin Hair\" \/>\n<meta property=\"og:description\" content=\"Optez pour nos m\u00e8ches Asian Hair Body wave (ondul\u00e9), 100% cheveux humains et vierges, d&#039;excellente qualit\u00e9. Elles sont vendues par paquet de 100 grammes environ.  Vous pouvez les colorer, d\u00e9colorer, utiliser des outils de coiffure tels que fer \u00e0 lisser, fer \u00e0 boucler...   Combien de paquets dois-je prendre ?  Pour un volume classique :  Du 8&quot; au 14&quot; vous aurez besoin de 2 \u00e0 3 paquets 16&quot; au 22&quot; vous aurez besoin de 3 \u00e0 4 paquets 24&quot; au\u00a0 30&quot; vous aurez besoin de 4 \u00e0 5 paquets Pour beaucoup de volume pr\u00e9voir 1, 2 ou m\u00eame 3 paquets de plus.  Entretien: Shampoing (sans frotter) 1 \u00e0 2 fois par semaine \u00e0 l&#039;eau ti\u00e8de. Appliquer ensuite un apr\u00e8s-shampoing, un soin, ou masque capillaire \u00e0 laisser poser. Rincez puis enlever l&#039;exc\u00e8s d&#039;eau en tamponnant avec une serviette. Vous pouvez par la suite s\u00e9cher au s\u00e8che cheveu ou laisser s\u00e9cher \u00e0 l&#039;air libre.   \u00c0 propos de Dream Virgin Hair: Leader de la vente de m\u00e8ches (pour tissages) et perruques 100% human hair en France, Dream Virgin Hair est la r\u00e9f\u00e9rence pour des cheveux de qualit\u00e9 au meilleur prix. En plus de notre site internet vous pouvez \u00e9galement retrouver notre \u00e9quipe et nos produits au sein de notre salon de coiffure Keliyah Beaut\u00e9 situ\u00e9 au 7 rue Ren\u00e9 Boulanger 75010 Paris, nous vous y accueillons avec et sans rendez-vous du mardi au samedi (vente, confection sur-mesure et prestations coiffure).  \u00c0 propos de notre site internet: Site Fran\u00e7ais.  Paiements 100% s\u00e9curis\u00e9s.  Toutes les commandes sont exp\u00e9di\u00e9es depuis la France (Paris). D\u00e9lais de livraison (pour la France m\u00e9tropolitaine) : 24\/48h pour la livraison express, 2 \u00e0 5 jours pour une livraison Colissimo et 5-8 jours ouvrables pour une livraison point relais. Suivi de commande: Toutes les commandes disposent d&#039;un num\u00e9ro de suivi qui vous sera automatiquement communiqu\u00e9 par e-mail d\u00e8s la commande exp\u00e9di\u00e9e. Notre service client reste \u00e0 votre disposition. Pour toute question vous pouvez nous contacter via les r\u00e9seaux sociaux Facebook et Instagram @amandineluxioushair.\" \/>\n<meta property=\"og:url\" content=\"https:\/\/lystes.store\/select\/dreamvirginhair\/product\/lot-tissage-asian-hair-body-wave\/\" \/>\n<meta property=\"og:site_name\" content=\"Dream Virgin Hair\" \/>\n<meta property=\"article:modified_time\" content=\"2025-08-03T15:54:46+00:00\" \/>\n<meta name=\"twitter:card\" content=\"summary_large_image\" \/>\n<script type=\"application\/ld+json\" class=\"yoast-schema-graph\">{\"@context\":\"https:\/\/schema.org\",\"@graph\":[{\"@type\":\"WebPage\",\"@id\":\"https:\/\/lystes.store\/select\/dreamvirginhair\/product\/lot-tissage-asian-hair-body-wave\/\",\"url\":\"https:\/\/lystes.store\/select\/dreamvirginhair\/product\/lot-tissage-asian-hair-body-wave\/\",\"name\":\"Lot Tissage ASIAN HAIR - Body Wave - Dream Virgin Hair\",\"isPartOf\":{\"@id\":\"https:\/\/lystes.store\/select\/dreamvirginhair\/#website\"},\"primaryImageOfPage\":{\"@id\":\"https:\/\/lystes.store\/select\/dreamvirginhair\/product\/lot-tissage-asian-hair-body-wave\/#primaryimage\"},\"image\":{\"@id\":\"https:\/\/lystes.store\/select\/dreamvirginhair\/product\/lot-tissage-asian-hair-body-wave\/#primaryimage\"},\"thumbnailUrl\":\"https:\/\/i0.wp.com\/lystes.store\/select\/dreamvirginhair\/wp-content\/uploads\/sites\/14\/2025\/08\/A08F497C-814D-469F-90BE-1F0E9C98D926-1.png?fit=%2C&ssl=1\",\"datePublished\":\"2025-03-20T21:11:27+00:00\",\"dateModified\":\"2025-08-03T15:54:46+00:00\",\"breadcrumb\":{\"@id\":\"https:\/\/lystes.store\/select\/dreamvirginhair\/product\/lot-tissage-asian-hair-body-wave\/#breadcrumb\"},\"inLanguage\":\"en-US\",\"potentialAction\":[{\"@type\":\"ReadAction\",\"target\":[\"https:\/\/lystes.store\/select\/dreamvirginhair\/product\/lot-tissage-asian-hair-body-wave\/\"]}]},{\"@type\":\"ImageObject\",\"inLanguage\":\"en-US\",\"@id\":\"https:\/\/lystes.store\/select\/dreamvirginhair\/product\/lot-tissage-asian-hair-body-wave\/#primaryimage\",\"url\":\"https:\/\/i0.wp.com\/lystes.store\/select\/dreamvirginhair\/wp-content\/uploads\/sites\/14\/2025\/08\/A08F497C-814D-469F-90BE-1F0E9C98D926-1.png?fit=%2C&ssl=1\",\"contentUrl\":\"https:\/\/i0.wp.com\/lystes.store\/select\/dreamvirginhair\/wp-content\/uploads\/sites\/14\/2025\/08\/A08F497C-814D-469F-90BE-1F0E9C98D926-1.png?fit=%2C&ssl=1\"},{\"@type\":\"BreadcrumbList\",\"@id\":\"https:\/\/lystes.store\/select\/dreamvirginhair\/product\/lot-tissage-asian-hair-body-wave\/#breadcrumb\",\"itemListElement\":[{\"@type\":\"ListItem\",\"position\":1,\"name\":\"Accueil\",\"item\":\"https:\/\/lystes.store\/select\/dreamvirginhair\/\"},{\"@type\":\"ListItem\",\"position\":2,\"name\":\"Boutique\",\"item\":\"https:\/\/lystes.store\/select\/dreamvirginhair\/boutique\/\"},{\"@type\":\"ListItem\",\"position\":3,\"name\":\"Lot Tissage ASIAN HAIR &#8211; Body Wave\"}]},{\"@type\":\"WebSite\",\"@id\":\"https:\/\/lystes.store\/select\/dreamvirginhair\/#website\",\"url\":\"https:\/\/lystes.store\/select\/dreamvirginhair\/\",\"name\":\"Dream Virgin Hair\",\"description\":\"L&#039;excellence sinon rien\",\"potentialAction\":[{\"@type\":\"SearchAction\",\"target\":{\"@type\":\"EntryPoint\",\"urlTemplate\":\"https:\/\/lystes.store\/select\/dreamvirginhair\/?s={search_term_string}\"},\"query-input\":{\"@type\":\"PropertyValueSpecification\",\"valueRequired\":true,\"valueName\":\"search_term_string\"}}],\"inLanguage\":\"en-US\"}]}<\/script>\n<!-- \/ Yoast SEO plugin. -->","yoast_head_json":{"title":"Lot Tissage ASIAN HAIR - Body Wave - Dream Virgin Hair","robots":{"index":"index","follow":"follow","max-snippet":"max-snippet:-1","max-image-preview":"max-image-preview:large","max-video-preview":"max-video-preview:-1"},"canonical":"https:\/\/lystes.store\/select\/dreamvirginhair\/product\/lot-tissage-asian-hair-body-wave\/","og_locale":"en_US","og_type":"article","og_title":"Lot Tissage ASIAN HAIR - Body Wave - Dream Virgin Hair","og_description":"Optez pour nos m\u00e8ches Asian Hair Body wave (ondul\u00e9), 100% cheveux humains et vierges, d'excellente qualit\u00e9. Elles sont vendues par paquet de 100 grammes environ.  Vous pouvez les colorer, d\u00e9colorer, utiliser des outils de coiffure tels que fer \u00e0 lisser, fer \u00e0 boucler...   Combien de paquets dois-je prendre ?  Pour un volume classique :  Du 8\" au 14\" vous aurez besoin de 2 \u00e0 3 paquets 16\" au 22\" vous aurez besoin de 3 \u00e0 4 paquets 24\" au\u00a0 30\" vous aurez besoin de 4 \u00e0 5 paquets Pour beaucoup de volume pr\u00e9voir 1, 2 ou m\u00eame 3 paquets de plus.  Entretien: Shampoing (sans frotter) 1 \u00e0 2 fois par semaine \u00e0 l'eau ti\u00e8de. Appliquer ensuite un apr\u00e8s-shampoing, un soin, ou masque capillaire \u00e0 laisser poser. Rincez puis enlever l'exc\u00e8s d'eau en tamponnant avec une serviette. Vous pouvez par la suite s\u00e9cher au s\u00e8che cheveu ou laisser s\u00e9cher \u00e0 l'air libre.   \u00c0 propos de Dream Virgin Hair: Leader de la vente de m\u00e8ches (pour tissages) et perruques 100% human hair en France, Dream Virgin Hair est la r\u00e9f\u00e9rence pour des cheveux de qualit\u00e9 au meilleur prix. En plus de notre site internet vous pouvez \u00e9galement retrouver notre \u00e9quipe et nos produits au sein de notre salon de coiffure Keliyah Beaut\u00e9 situ\u00e9 au 7 rue Ren\u00e9 Boulanger 75010 Paris, nous vous y accueillons avec et sans rendez-vous du mardi au samedi (vente, confection sur-mesure et prestations coiffure).  \u00c0 propos de notre site internet: Site Fran\u00e7ais.  Paiements 100% s\u00e9curis\u00e9s.  Toutes les commandes sont exp\u00e9di\u00e9es depuis la France (Paris). D\u00e9lais de livraison (pour la France m\u00e9tropolitaine) : 24\/48h pour la livraison express, 2 \u00e0 5 jours pour une livraison Colissimo et 5-8 jours ouvrables pour une livraison point relais. Suivi de commande: Toutes les commandes disposent d'un num\u00e9ro de suivi qui vous sera automatiquement communiqu\u00e9 par e-mail d\u00e8s la commande exp\u00e9di\u00e9e. Notre service client reste \u00e0 votre disposition. Pour toute question vous pouvez nous contacter via les r\u00e9seaux sociaux Facebook et Instagram @amandineluxioushair.","og_url":"https:\/\/lystes.store\/select\/dreamvirginhair\/product\/lot-tissage-asian-hair-body-wave\/","og_site_name":"Dream Virgin Hair","article_modified_time":"2025-08-03T15:54:46+00:00","twitter_card":"summary_large_image","schema":{"@context":"https:\/\/schema.org","@graph":[{"@type":"WebPage","@id":"https:\/\/lystes.store\/select\/dreamvirginhair\/product\/lot-tissage-asian-hair-body-wave\/","url":"https:\/\/lystes.store\/select\/dreamvirginhair\/product\/lot-tissage-asian-hair-body-wave\/","name":"Lot Tissage ASIAN HAIR - Body Wave - Dream Virgin Hair","isPartOf":{"@id":"https:\/\/lystes.store\/select\/dreamvirginhair\/#website"},"primaryImageOfPage":{"@id":"https:\/\/lystes.store\/select\/dreamvirginhair\/product\/lot-tissage-asian-hair-body-wave\/#primaryimage"},"image":{"@id":"https:\/\/lystes.store\/select\/dreamvirginhair\/product\/lot-tissage-asian-hair-body-wave\/#primaryimage"},"thumbnailUrl":"https:\/\/i0.wp.com\/lystes.store\/select\/dreamvirginhair\/wp-content\/uploads\/sites\/14\/2025\/08\/A08F497C-814D-469F-90BE-1F0E9C98D926-1.png?fit=%2C&ssl=1","datePublished":"2025-03-20T21:11:27+00:00","dateModified":"2025-08-03T15:54:46+00:00","breadcrumb":{"@id":"https:\/\/lystes.store\/select\/dreamvirginhair\/product\/lot-tissage-asian-hair-body-wave\/#breadcrumb"},"inLanguage":"en-US","potentialAction":[{"@type":"ReadAction","target":["https:\/\/lystes.store\/select\/dreamvirginhair\/product\/lot-tissage-asian-hair-body-wave\/"]}]},{"@type":"ImageObject","inLanguage":"en-US","@id":"https:\/\/lystes.store\/select\/dreamvirginhair\/product\/lot-tissage-asian-hair-body-wave\/#primaryimage","url":"https:\/\/i0.wp.com\/lystes.store\/select\/dreamvirginhair\/wp-content\/uploads\/sites\/14\/2025\/08\/A08F497C-814D-469F-90BE-1F0E9C98D926-1.png?fit=%2C&ssl=1","contentUrl":"https:\/\/i0.wp.com\/lystes.store\/select\/dreamvirginhair\/wp-content\/uploads\/sites\/14\/2025\/08\/A08F497C-814D-469F-90BE-1F0E9C98D926-1.png?fit=%2C&ssl=1"},{"@type":"BreadcrumbList","@id":"https:\/\/lystes.store\/select\/dreamvirginhair\/product\/lot-tissage-asian-hair-body-wave\/#breadcrumb","itemListElement":[{"@type":"ListItem","position":1,"name":"Accueil","item":"https:\/\/lystes.store\/select\/dreamvirginhair\/"},{"@type":"ListItem","position":2,"name":"Boutique","item":"https:\/\/lystes.store\/select\/dreamvirginhair\/boutique\/"},{"@type":"ListItem","position":3,"name":"Lot Tissage ASIAN HAIR &#8211; Body Wave"}]},{"@type":"WebSite","@id":"https:\/\/lystes.store\/select\/dreamvirginhair\/#website","url":"https:\/\/lystes.store\/select\/dreamvirginhair\/","name":"Dream Virgin Hair","description":"L&#039;excellence sinon rien","potentialAction":[{"@type":"SearchAction","target":{"@type":"EntryPoint","urlTemplate":"https:\/\/lystes.store\/select\/dreamvirginhair\/?s={search_term_string}"},"query-input":{"@type":"PropertyValueSpecification","valueRequired":true,"valueName":"search_term_string"}}],"inLanguage":"en-US"}]}},"_links":{"self":[{"href":"https:\/\/lystes.store\/select\/dreamvirginhair\/wp-json\/wp\/v2\/product\/89210","targetHints":{"allow":["GET"]}}],"collection":[{"href":"https:\/\/lystes.store\/select\/dreamvirginhair\/wp-json\/wp\/v2\/product"}],"about":[{"href":"https:\/\/lystes.store\/select\/dreamvirginhair\/wp-json\/wp\/v2\/types\/product"}],"replies":[{"embeddable":true,"href":"https:\/\/lystes.store\/select\/dreamvirginhair\/wp-json\/wp\/v2\/comments?post=89210"}],"wp:featuredmedia":[{"embeddable":true,"href":"https:\/\/lystes.store\/select\/dreamvirginhair\/wp-json\/wp\/v2\/media\/142685"}],"wp:attachment":[{"href":"https:\/\/lystes.store\/select\/dreamvirginhair\/wp-json\/wp\/v2\/media?parent=89210"}],"wp:term":[{"taxonomy":"product_brand","embeddable":true,"href":"https:\/\/lystes.store\/select\/dreamvirginhair\/wp-json\/wp\/v2\/product_brand?post=89210"},{"taxonomy":"product_cat","embeddable":true,"href":"https:\/\/lystes.store\/select\/dreamvirginhair\/wp-json\/wp\/v2\/product_cat?post=89210"},{"taxonomy":"product_tag","embeddable":true,"href":"https:\/\/lystes.store\/select\/dreamvirginhair\/wp-json\/wp\/v2\/product_tag?post=89210"}],"curies":[{"name":"wp","href":"https:\/\/api.w.org\/{rel}","templated":true}]}}