{"id":88243,"date":"2025-03-20T22:03:19","date_gmt":"2025-03-20T21:03:19","guid":{"rendered":"https:\/\/lystes.store\/select\/dreamvirginhair\/?post_type=product&#038;p=88243"},"modified":"2025-08-03T17:47:34","modified_gmt":"2025-08-03T15:47:34","slug":"option-confection-perruque","status":"publish","type":"product","link":"https:\/\/lystes.store\/select\/dreamvirginhair\/product\/option-confection-perruque\/","title":{"rendered":"Option Confection Perruque (Prestation)"},"content":{"rendered":"<p>Vous n&#8217;avez pas trouv\u00e9 le mod\u00e8le que vous souhaitiez parmi <a href=\"https:\/\/www.dreamvirginhair.fr\/categorie-produit\/perruques\/\">nos perruques<\/a> ?<br \/>\nPas de probl\u00e8me, vous pouvez vous m\u00eame cr\u00e9er la perruque de votre choix !<\/p>\n<h4>\u00c9tape 1 :<\/h4>\n<p>Ajoutez \u00e0 votre pannier les composants n\u00e9cessaires \u00e0 la perruque que vous souhaitez r\u00e9aliser. Exemple, vous souhaitez r\u00e9aliser une perruque lisse longueur 22&#8243; avec Lace Frontal, choisissez sur le site vos m\u00e8ches lisses en taille 22&#8243; et ajoutez-les au panier (exemple ajoutez 3 paquets asian lisse 22&#8243;), choisissez ensuite la lace frontal lisse sur le site et ajoutez-la au panier. <span style=\"color: #ff0000;\"><strong>ATTENTION : vous devez imp\u00e9rativement ajouter au panier les m\u00e8ches ET la closure ou lace frontal\u00a0ou lace 360\u00b0 ou sans closure ET ensuite ajouter l&#8217;option confection de perruque qui correspond !<\/strong><\/span><\/p>\n<h4>\u00c9tape 2 :<\/h4>\n<p>Ajoutez l&#8217;option Confection Perruque au panier en s\u00e9lectionnant l&#8217;option correspondante (pour une perruque ferm\u00e9e ajoutez l&#8217;option sans closure, pour une perruque closure ajoutez l&#8217;option closure, pour une perruque lace frontal ajoutez l&#8217;option lace frontal&#8230;)<\/p>\n<h4>\u00c9tape 3 :<\/h4>\n<p>Validez votre commande.<\/p>\n<p>Attention : L&#8217;option customisation ne sera prise en compte que pour les mod\u00e8les : Lace, Lace 360\u00b0, Closure Large.<\/p>\n<p><em>Les perruques confection \u00e9tant r\u00e9alis\u00e9es \u00e0 la commande il n\u2019est pas possible de les retourner \/ \u00e9changer. Toute vente est finale.<\/em><\/p>\n","protected":false},"excerpt":{"rendered":"<p>Vous n&#8217;avez pas trouv\u00e9 le mod\u00e8le que vous souhaitiez parmi <a href=\"https:\/\/www.dreamvirginhair.fr\/categorie-produit\/perruques\/\">nos perruques<\/a> ?<br \/>\nPas de probl\u00e8me, vous pouvez vous m\u00eame cr\u00e9er la perruque de votre choix !<\/p>\n<h4>\u00c9tape 1 :<\/h4>\n<p>Ajoutez \u00e0 votre pannier les composants n\u00e9cessaires \u00e0 la perruque que vous souhaitez r\u00e9aliser. Exemple, vous souhaitez r\u00e9aliser une perruque lisse longueur 22&#8243; avec Lace Frontal, choisissez sur le site vos m\u00e8ches lisses en taille 22&#8243; et ajoutez-les au panier (exemple ajoutez 3 paquets asian lisse 22&#8243;), choisissez ensuite la lace frontal lisse sur le site et ajoutez-la au panier. <span style=\"color: #ff0000;\"><strong>ATTENTION : vous devez imp\u00e9rativement ajouter au panier les m\u00e8ches ET la closure ou lace frontal\u00a0ou lace 360\u00b0 ou sans closure ET ensuite ajouter l&#8217;option confection de perruque qui correspond !<\/strong><\/span><\/p>\n<h4>\u00c9tape 2 :<\/h4>\n<p>Ajoutez l&#8217;option Confection Perruque au panier en s\u00e9lectionnant l&#8217;option correspondante (pour une perruque ferm\u00e9e ajoutez l&#8217;option sans closure, pour une perruque closure ajoutez l&#8217;option closure, pour une perruque lace frontal ajoutez l&#8217;option lace frontal&#8230;)<\/p>\n<h4>\u00c9tape 3 :<\/h4>\n<p>Validez votre commande.<\/p>\n","protected":false},"featured_media":142263,"comment_status":"open","ping_status":"closed","template":"","meta":[],"product_brand":[],"product_cat":[1154,1155,1156,1144,1157,1158,1108,1135,1145,1148,1132,1133,1124,1159,1125,1134,1160,1161,1162],"product_tag":[],"class_list":{"0":"post-88243","1":"product","2":"type-product","3":"status-publish","4":"has-post-thumbnail","6":"product_cat-colorations-dexception","7":"product_cat-full-lace-wig","8":"product_cat-glueless-wig","9":"product_cat-lace-wig","10":"product_cat-perruque-flip-over","11":"product_cat-perruque-raw-hair","12":"product_cat-perruques","13":"product_cat-perruques-bouclees","14":"product_cat-perruques-closure","15":"product_cat-perruques-colorees","16":"product_cat-perruques-confection","17":"product_cat-perruques-courtes","18":"product_cat-perruques-lace-frontal","19":"product_cat-perruques-lace-hd","20":"product_cat-perruques-lisses","21":"product_cat-perruques-ondulees","22":"product_cat-perruques-prix-mini","23":"product_cat-pieces-uniques","24":"product_cat-upart-wig","25":"product_shipping_class-confection-perruque","27":"first","28":"instock","29":"taxable","30":"shipping-taxable","31":"purchasable","32":"product-type-variable","33":"has-default-attributes"},"acf":[],"yoast_head":"<!-- This site is optimized with the Yoast SEO plugin v25.3.1 - https:\/\/yoast.com\/wordpress\/plugins\/seo\/ -->\n<title>Option Confection Perruque (Prestation) - Dream Virgin Hair<\/title>\n<meta name=\"robots\" content=\"index, follow, max-snippet:-1, max-image-preview:large, max-video-preview:-1\" \/>\n<link rel=\"canonical\" href=\"https:\/\/lystes.store\/select\/dreamvirginhair\/product\/option-confection-perruque\/\" \/>\n<meta property=\"og:locale\" content=\"en_US\" \/>\n<meta property=\"og:type\" content=\"article\" \/>\n<meta property=\"og:title\" content=\"Option Confection Perruque (Prestation) - Dream Virgin Hair\" \/>\n<meta property=\"og:description\" content=\"Vous n&#039;avez pas trouv\u00e9 le mod\u00e8le que vous souhaitiez parmi nos perruques ? Pas de probl\u00e8me, vous pouvez vous m\u00eame cr\u00e9er la perruque de votre choix ! \u00c9tape 1 : Ajoutez \u00e0 votre pannier les composants n\u00e9cessaires \u00e0 la perruque que vous souhaitez r\u00e9aliser. Exemple, vous souhaitez r\u00e9aliser une perruque lisse longueur 22&quot; avec Lace Frontal, choisissez sur le site vos m\u00e8ches lisses en taille 22&quot; et ajoutez-les au panier (exemple ajoutez 3 paquets asian lisse 22&quot;), choisissez ensuite la lace frontal lisse sur le site et ajoutez-la au panier. ATTENTION : vous devez imp\u00e9rativement ajouter au panier les m\u00e8ches ET la closure ou lace frontal\u00a0ou lace 360\u00b0 ou sans closure ET ensuite ajouter l&#039;option confection de perruque qui correspond ! \u00c9tape 2 : Ajoutez l&#039;option Confection Perruque au panier en s\u00e9lectionnant l&#039;option correspondante (pour une perruque ferm\u00e9e ajoutez l&#039;option sans closure, pour une perruque closure ajoutez l&#039;option closure, pour une perruque lace frontal ajoutez l&#039;option lace frontal...) \u00c9tape 3 : Validez votre commande.\" \/>\n<meta property=\"og:url\" content=\"https:\/\/lystes.store\/select\/dreamvirginhair\/product\/option-confection-perruque\/\" \/>\n<meta property=\"og:site_name\" content=\"Dream Virgin Hair\" \/>\n<meta property=\"article:modified_time\" content=\"2025-08-03T15:47:34+00:00\" \/>\n<meta name=\"twitter:card\" content=\"summary_large_image\" \/>\n<meta name=\"twitter:label1\" content=\"Est. reading time\" \/>\n\t<meta name=\"twitter:data1\" content=\"1 minute\" \/>\n<script type=\"application\/ld+json\" class=\"yoast-schema-graph\">{\"@context\":\"https:\/\/schema.org\",\"@graph\":[{\"@type\":\"WebPage\",\"@id\":\"https:\/\/lystes.store\/select\/dreamvirginhair\/product\/option-confection-perruque\/\",\"url\":\"https:\/\/lystes.store\/select\/dreamvirginhair\/product\/option-confection-perruque\/\",\"name\":\"Option Confection Perruque (Prestation) - Dream Virgin Hair\",\"isPartOf\":{\"@id\":\"https:\/\/lystes.store\/select\/dreamvirginhair\/#website\"},\"primaryImageOfPage\":{\"@id\":\"https:\/\/lystes.store\/select\/dreamvirginhair\/product\/option-confection-perruque\/#primaryimage\"},\"image\":{\"@id\":\"https:\/\/lystes.store\/select\/dreamvirginhair\/product\/option-confection-perruque\/#primaryimage\"},\"thumbnailUrl\":\"https:\/\/i0.wp.com\/lystes.store\/select\/dreamvirginhair\/wp-content\/uploads\/sites\/14\/2025\/08\/img-4179.png?fit=%2C&ssl=1\",\"datePublished\":\"2025-03-20T21:03:19+00:00\",\"dateModified\":\"2025-08-03T15:47:34+00:00\",\"breadcrumb\":{\"@id\":\"https:\/\/lystes.store\/select\/dreamvirginhair\/product\/option-confection-perruque\/#breadcrumb\"},\"inLanguage\":\"en-US\",\"potentialAction\":[{\"@type\":\"ReadAction\",\"target\":[\"https:\/\/lystes.store\/select\/dreamvirginhair\/product\/option-confection-perruque\/\"]}]},{\"@type\":\"ImageObject\",\"inLanguage\":\"en-US\",\"@id\":\"https:\/\/lystes.store\/select\/dreamvirginhair\/product\/option-confection-perruque\/#primaryimage\",\"url\":\"https:\/\/i0.wp.com\/lystes.store\/select\/dreamvirginhair\/wp-content\/uploads\/sites\/14\/2025\/08\/img-4179.png?fit=%2C&ssl=1\",\"contentUrl\":\"https:\/\/i0.wp.com\/lystes.store\/select\/dreamvirginhair\/wp-content\/uploads\/sites\/14\/2025\/08\/img-4179.png?fit=%2C&ssl=1\"},{\"@type\":\"BreadcrumbList\",\"@id\":\"https:\/\/lystes.store\/select\/dreamvirginhair\/product\/option-confection-perruque\/#breadcrumb\",\"itemListElement\":[{\"@type\":\"ListItem\",\"position\":1,\"name\":\"Accueil\",\"item\":\"https:\/\/lystes.store\/select\/dreamvirginhair\/\"},{\"@type\":\"ListItem\",\"position\":2,\"name\":\"Boutique\",\"item\":\"https:\/\/lystes.store\/select\/dreamvirginhair\/boutique\/\"},{\"@type\":\"ListItem\",\"position\":3,\"name\":\"Option Confection Perruque (Prestation)\"}]},{\"@type\":\"WebSite\",\"@id\":\"https:\/\/lystes.store\/select\/dreamvirginhair\/#website\",\"url\":\"https:\/\/lystes.store\/select\/dreamvirginhair\/\",\"name\":\"Dream Virgin Hair\",\"description\":\"L&#039;excellence sinon rien\",\"potentialAction\":[{\"@type\":\"SearchAction\",\"target\":{\"@type\":\"EntryPoint\",\"urlTemplate\":\"https:\/\/lystes.store\/select\/dreamvirginhair\/?s={search_term_string}\"},\"query-input\":{\"@type\":\"PropertyValueSpecification\",\"valueRequired\":true,\"valueName\":\"search_term_string\"}}],\"inLanguage\":\"en-US\"}]}<\/script>\n<!-- \/ Yoast SEO plugin. -->","yoast_head_json":{"title":"Option Confection Perruque (Prestation) - Dream Virgin Hair","robots":{"index":"index","follow":"follow","max-snippet":"max-snippet:-1","max-image-preview":"max-image-preview:large","max-video-preview":"max-video-preview:-1"},"canonical":"https:\/\/lystes.store\/select\/dreamvirginhair\/product\/option-confection-perruque\/","og_locale":"en_US","og_type":"article","og_title":"Option Confection Perruque (Prestation) - Dream Virgin Hair","og_description":"Vous n'avez pas trouv\u00e9 le mod\u00e8le que vous souhaitiez parmi nos perruques ? Pas de probl\u00e8me, vous pouvez vous m\u00eame cr\u00e9er la perruque de votre choix ! \u00c9tape 1 : Ajoutez \u00e0 votre pannier les composants n\u00e9cessaires \u00e0 la perruque que vous souhaitez r\u00e9aliser. Exemple, vous souhaitez r\u00e9aliser une perruque lisse longueur 22\" avec Lace Frontal, choisissez sur le site vos m\u00e8ches lisses en taille 22\" et ajoutez-les au panier (exemple ajoutez 3 paquets asian lisse 22\"), choisissez ensuite la lace frontal lisse sur le site et ajoutez-la au panier. ATTENTION : vous devez imp\u00e9rativement ajouter au panier les m\u00e8ches ET la closure ou lace frontal\u00a0ou lace 360\u00b0 ou sans closure ET ensuite ajouter l'option confection de perruque qui correspond ! \u00c9tape 2 : Ajoutez l'option Confection Perruque au panier en s\u00e9lectionnant l'option correspondante (pour une perruque ferm\u00e9e ajoutez l'option sans closure, pour une perruque closure ajoutez l'option closure, pour une perruque lace frontal ajoutez l'option lace frontal...) \u00c9tape 3 : Validez votre commande.","og_url":"https:\/\/lystes.store\/select\/dreamvirginhair\/product\/option-confection-perruque\/","og_site_name":"Dream Virgin Hair","article_modified_time":"2025-08-03T15:47:34+00:00","twitter_card":"summary_large_image","twitter_misc":{"Est. reading time":"1 minute"},"schema":{"@context":"https:\/\/schema.org","@graph":[{"@type":"WebPage","@id":"https:\/\/lystes.store\/select\/dreamvirginhair\/product\/option-confection-perruque\/","url":"https:\/\/lystes.store\/select\/dreamvirginhair\/product\/option-confection-perruque\/","name":"Option Confection Perruque (Prestation) - Dream Virgin Hair","isPartOf":{"@id":"https:\/\/lystes.store\/select\/dreamvirginhair\/#website"},"primaryImageOfPage":{"@id":"https:\/\/lystes.store\/select\/dreamvirginhair\/product\/option-confection-perruque\/#primaryimage"},"image":{"@id":"https:\/\/lystes.store\/select\/dreamvirginhair\/product\/option-confection-perruque\/#primaryimage"},"thumbnailUrl":"https:\/\/i0.wp.com\/lystes.store\/select\/dreamvirginhair\/wp-content\/uploads\/sites\/14\/2025\/08\/img-4179.png?fit=%2C&ssl=1","datePublished":"2025-03-20T21:03:19+00:00","dateModified":"2025-08-03T15:47:34+00:00","breadcrumb":{"@id":"https:\/\/lystes.store\/select\/dreamvirginhair\/product\/option-confection-perruque\/#breadcrumb"},"inLanguage":"en-US","potentialAction":[{"@type":"ReadAction","target":["https:\/\/lystes.store\/select\/dreamvirginhair\/product\/option-confection-perruque\/"]}]},{"@type":"ImageObject","inLanguage":"en-US","@id":"https:\/\/lystes.store\/select\/dreamvirginhair\/product\/option-confection-perruque\/#primaryimage","url":"https:\/\/i0.wp.com\/lystes.store\/select\/dreamvirginhair\/wp-content\/uploads\/sites\/14\/2025\/08\/img-4179.png?fit=%2C&ssl=1","contentUrl":"https:\/\/i0.wp.com\/lystes.store\/select\/dreamvirginhair\/wp-content\/uploads\/sites\/14\/2025\/08\/img-4179.png?fit=%2C&ssl=1"},{"@type":"BreadcrumbList","@id":"https:\/\/lystes.store\/select\/dreamvirginhair\/product\/option-confection-perruque\/#breadcrumb","itemListElement":[{"@type":"ListItem","position":1,"name":"Accueil","item":"https:\/\/lystes.store\/select\/dreamvirginhair\/"},{"@type":"ListItem","position":2,"name":"Boutique","item":"https:\/\/lystes.store\/select\/dreamvirginhair\/boutique\/"},{"@type":"ListItem","position":3,"name":"Option Confection Perruque (Prestation)"}]},{"@type":"WebSite","@id":"https:\/\/lystes.store\/select\/dreamvirginhair\/#website","url":"https:\/\/lystes.store\/select\/dreamvirginhair\/","name":"Dream Virgin Hair","description":"L&#039;excellence sinon rien","potentialAction":[{"@type":"SearchAction","target":{"@type":"EntryPoint","urlTemplate":"https:\/\/lystes.store\/select\/dreamvirginhair\/?s={search_term_string}"},"query-input":{"@type":"PropertyValueSpecification","valueRequired":true,"valueName":"search_term_string"}}],"inLanguage":"en-US"}]}},"_links":{"self":[{"href":"https:\/\/lystes.store\/select\/dreamvirginhair\/wp-json\/wp\/v2\/product\/88243","targetHints":{"allow":["GET"]}}],"collection":[{"href":"https:\/\/lystes.store\/select\/dreamvirginhair\/wp-json\/wp\/v2\/product"}],"about":[{"href":"https:\/\/lystes.store\/select\/dreamvirginhair\/wp-json\/wp\/v2\/types\/product"}],"replies":[{"embeddable":true,"href":"https:\/\/lystes.store\/select\/dreamvirginhair\/wp-json\/wp\/v2\/comments?post=88243"}],"wp:featuredmedia":[{"embeddable":true,"href":"https:\/\/lystes.store\/select\/dreamvirginhair\/wp-json\/wp\/v2\/media\/142263"}],"wp:attachment":[{"href":"https:\/\/lystes.store\/select\/dreamvirginhair\/wp-json\/wp\/v2\/media?parent=88243"}],"wp:term":[{"taxonomy":"product_brand","embeddable":true,"href":"https:\/\/lystes.store\/select\/dreamvirginhair\/wp-json\/wp\/v2\/product_brand?post=88243"},{"taxonomy":"product_cat","embeddable":true,"href":"https:\/\/lystes.store\/select\/dreamvirginhair\/wp-json\/wp\/v2\/product_cat?post=88243"},{"taxonomy":"product_tag","embeddable":true,"href":"https:\/\/lystes.store\/select\/dreamvirginhair\/wp-json\/wp\/v2\/product_tag?post=88243"}],"curies":[{"name":"wp","href":"https:\/\/api.w.org\/{rel}","templated":true}]}}