{"id":88237,"date":"2025-03-20T22:03:18","date_gmt":"2025-03-20T21:03:18","guid":{"rendered":"https:\/\/lystes.store\/select\/dreamvirginhair\/?post_type=product&#038;p=88237"},"modified":"2025-08-03T17:47:18","modified_gmt":"2025-08-03T15:47:18","slug":"lace-frontal-raw-hair-lisse-136","status":"publish","type":"product","link":"https:\/\/lystes.store\/select\/dreamvirginhair\/product\/lace-frontal-raw-hair-lisse-136\/","title":{"rendered":"Lace Frontal Raw Hair Lisse 13*6"},"content":{"rendered":"<p>Lace Frontal Lisse, Raw hair, 100% cheveux humains et vierges.<br \/>\nNos m\u00e8ches <a href=\"https:\/\/www.dreamvirginhair.fr\/fr\/product-category\/tissages\/raw-hair-amerilace\/\">Raw Hair<\/a> sont \u00e9paisses de haut en bas, pas d\u2019effet pointes fines !<\/p>\n<h3>Entretien:<\/h3>\n<p>Shampoing (sans frotter) 1 \u00e0 2 fois par semaine \u00e0 l&#8217;eau ti\u00e8de.<br \/>\nAppliquer ensuite un apr\u00e8s-shampoing, un soin, ou masque capillaire \u00e0 laisser poser.<br \/>\nRincez puis enlever l&#8217;exc\u00e8s d&#8217;eau en tamponnant avec une serviette.<br \/>\nVous pouvez par la suite s\u00e9cher au s\u00e8che cheveu ou laisser s\u00e9cher \u00e0 l&#8217;air libre. <\/p>\n<h3>\u00c0 propos de Dream Virgin Hair:<\/h3>\n<p>Leader de la vente de m\u00e8ches (pour tissages) et perruques 100% human hair en France, Dream Virgin Hair est la r\u00e9f\u00e9rence pour des cheveux de qualit\u00e9 au meilleur prix. En plus de notre site internet vous pouvez \u00e9galement retrouver notre \u00e9quipe et nos produits au sein de notre salon de coiffure Keliyah Beaut\u00e9 situ\u00e9 au <strong>7 rue Ren\u00e9 Boulanger 75010 Paris<\/strong>, nous vous y accueillons avec et sans rendez-vous du mardi au samedi (vente, confection sur-mesure et prestations coiffure).<\/p>\n<h3>\u00c0 propos de notre site internet:<\/h3>\n<p>Site Fran\u00e7ais.<br \/>\nPaiements 100% s\u00e9curis\u00e9s.<br \/>\nToutes les commandes sont exp\u00e9di\u00e9es depuis la France (Paris).<br \/>\nD\u00e9lais de livraison (pour la France m\u00e9tropolitaine) : 24\/48h pour la livraison express, 2 \u00e0 5 jours pour une livraison Colissimo et 5-8 jours ouvrables pour une livraison point relais.<br \/>\n<strong>Suivi de commande:<\/strong><br \/>\nToutes les commandes disposent d&#8217;un num\u00e9ro de suivi qui vous sera automatiquement communiqu\u00e9 par e-mail d\u00e8s la commande exp\u00e9di\u00e9e.<br \/>\n<strong>Notre service client reste \u00e0 votre disposition<\/strong>. Pour toute question vous pouvez nous contacter via les r\u00e9seaux sociaux <a href=\"https:\/\/www.facebook.com\/dvhparis\/\" rel=\"noopener noreferrer\" target=\"_blank\">Facebook<\/a> et <a href=\"https:\/\/www.instagram.com\/amandineluxioushair\/\" rel=\"noopener noreferrer\" target=\"_blank\">Instagram<\/a> @amandineluxioushair.<\/p>\n","protected":false},"excerpt":{"rendered":"<p>Lace frontal large, dimensions : 13*6<br \/>\nDensit\u00e9 : 150% <\/p>\n<p>En plus d&#8217;\u00eatre compos\u00e9e de cheveux Raw Hair, notre Lace Frontal Raw Hair Straight 13*6 est beaucoup plus r\u00e9sistante qu&#8217;une lace frontal classique. Ainsi elle sera moins sujette aux pertes de cheveux. <\/p>\n<p>Ses dimensions 13&#215;6 vous permettent de faire des raies plus longues qu&#8217;avec la lace frontal classique 13&#215;4. (Avec celle-ci 2 paquets de tissages suffisent pour une t\u00eate compl\u00e8te).<\/p>\n<p><strong>Une qualit\u00e9 incomparable.<\/strong><br \/>\nLes caract\u00e9ristiques du <strong>RAW HAIR<\/strong> :<br \/>\nDes cheveux \u00e9pais, volumineux et denses de haut en bas, pas d&#8217;effet queue de rat.<br \/>\nDes cheveux vierges, humains, 100% naturels et de <strong>tr\u00e8s haute qualit\u00e9<\/strong>.<br \/>\nCuticules intactes.<br \/>\nUne qualit\u00e9 et une long\u00e9vit\u00e9 exceptionnelle.<\/p>\n","protected":false},"featured_media":142262,"comment_status":"closed","ping_status":"closed","template":"","meta":[],"product_brand":[],"product_cat":[1073,1074,1098,1102,1103,1104,1105],"product_tag":[],"class_list":{"0":"post-88237","1":"product","2":"type-product","3":"status-publish","4":"has-post-thumbnail","6":"product_cat-all","7":"product_cat-home","8":"product_cat-lace-frontal","9":"product_cat-raw-hair","10":"product_cat-raw-hair-2","11":"product_cat-raw-hair-lisse","12":"product_cat-tissages-raw-hair","14":"first","15":"instock","16":"taxable","17":"shipping-taxable","18":"purchasable","19":"product-type-variable"},"acf":[],"yoast_head":"<!-- This site is optimized with the Yoast SEO plugin v25.3.1 - https:\/\/yoast.com\/wordpress\/plugins\/seo\/ -->\n<title>Lace Frontal Raw Hair Lisse 13*6 - Dream Virgin Hair<\/title>\n<meta name=\"robots\" content=\"index, follow, max-snippet:-1, max-image-preview:large, max-video-preview:-1\" \/>\n<link rel=\"canonical\" href=\"https:\/\/lystes.store\/select\/dreamvirginhair\/product\/lace-frontal-raw-hair-lisse-136\/\" \/>\n<meta property=\"og:locale\" content=\"en_US\" \/>\n<meta property=\"og:type\" content=\"article\" \/>\n<meta property=\"og:title\" content=\"Lace Frontal Raw Hair Lisse 13*6 - Dream Virgin Hair\" \/>\n<meta property=\"og:description\" content=\"Lace frontal large, dimensions : 13*6 Densit\u00e9 : 150%   En plus d&#039;\u00eatre compos\u00e9e de cheveux Raw Hair, notre Lace Frontal Raw Hair Straight 13*6 est beaucoup plus r\u00e9sistante qu&#039;une lace frontal classique. Ainsi elle sera moins sujette aux pertes de cheveux.   Ses dimensions 13x6 vous permettent de faire des raies plus longues qu&#039;avec la lace frontal classique 13x4. (Avec celle-ci 2 paquets de tissages suffisent pour une t\u00eate compl\u00e8te).  Une qualit\u00e9 incomparable.  Les caract\u00e9ristiques du RAW HAIR :  Des cheveux \u00e9pais, volumineux et denses de haut en bas, pas d&#039;effet queue de rat. Des cheveux vierges, humains, 100% naturels et de tr\u00e8s haute qualit\u00e9. Cuticules intactes. Une qualit\u00e9 et une long\u00e9vit\u00e9 exceptionnelle.\" \/>\n<meta property=\"og:url\" content=\"https:\/\/lystes.store\/select\/dreamvirginhair\/product\/lace-frontal-raw-hair-lisse-136\/\" \/>\n<meta property=\"og:site_name\" content=\"Dream Virgin Hair\" \/>\n<meta property=\"article:modified_time\" content=\"2025-08-03T15:47:18+00:00\" \/>\n<meta name=\"twitter:card\" content=\"summary_large_image\" \/>\n<meta name=\"twitter:label1\" content=\"Est. reading time\" \/>\n\t<meta name=\"twitter:data1\" content=\"1 minute\" \/>\n<script type=\"application\/ld+json\" class=\"yoast-schema-graph\">{\"@context\":\"https:\/\/schema.org\",\"@graph\":[{\"@type\":\"WebPage\",\"@id\":\"https:\/\/lystes.store\/select\/dreamvirginhair\/product\/lace-frontal-raw-hair-lisse-136\/\",\"url\":\"https:\/\/lystes.store\/select\/dreamvirginhair\/product\/lace-frontal-raw-hair-lisse-136\/\",\"name\":\"Lace Frontal Raw Hair Lisse 13*6 - Dream Virgin Hair\",\"isPartOf\":{\"@id\":\"https:\/\/lystes.store\/select\/dreamvirginhair\/#website\"},\"primaryImageOfPage\":{\"@id\":\"https:\/\/lystes.store\/select\/dreamvirginhair\/product\/lace-frontal-raw-hair-lisse-136\/#primaryimage\"},\"image\":{\"@id\":\"https:\/\/lystes.store\/select\/dreamvirginhair\/product\/lace-frontal-raw-hair-lisse-136\/#primaryimage\"},\"thumbnailUrl\":\"https:\/\/i0.wp.com\/lystes.store\/select\/dreamvirginhair\/wp-content\/uploads\/sites\/14\/2025\/08\/2BA34B2C-EA85-4F5C-A185-AB8E5EA40D8F-1.png?fit=%2C&ssl=1\",\"datePublished\":\"2025-03-20T21:03:18+00:00\",\"dateModified\":\"2025-08-03T15:47:18+00:00\",\"breadcrumb\":{\"@id\":\"https:\/\/lystes.store\/select\/dreamvirginhair\/product\/lace-frontal-raw-hair-lisse-136\/#breadcrumb\"},\"inLanguage\":\"en-US\",\"potentialAction\":[{\"@type\":\"ReadAction\",\"target\":[\"https:\/\/lystes.store\/select\/dreamvirginhair\/product\/lace-frontal-raw-hair-lisse-136\/\"]}]},{\"@type\":\"ImageObject\",\"inLanguage\":\"en-US\",\"@id\":\"https:\/\/lystes.store\/select\/dreamvirginhair\/product\/lace-frontal-raw-hair-lisse-136\/#primaryimage\",\"url\":\"https:\/\/i0.wp.com\/lystes.store\/select\/dreamvirginhair\/wp-content\/uploads\/sites\/14\/2025\/08\/2BA34B2C-EA85-4F5C-A185-AB8E5EA40D8F-1.png?fit=%2C&ssl=1\",\"contentUrl\":\"https:\/\/i0.wp.com\/lystes.store\/select\/dreamvirginhair\/wp-content\/uploads\/sites\/14\/2025\/08\/2BA34B2C-EA85-4F5C-A185-AB8E5EA40D8F-1.png?fit=%2C&ssl=1\"},{\"@type\":\"BreadcrumbList\",\"@id\":\"https:\/\/lystes.store\/select\/dreamvirginhair\/product\/lace-frontal-raw-hair-lisse-136\/#breadcrumb\",\"itemListElement\":[{\"@type\":\"ListItem\",\"position\":1,\"name\":\"Accueil\",\"item\":\"https:\/\/lystes.store\/select\/dreamvirginhair\/\"},{\"@type\":\"ListItem\",\"position\":2,\"name\":\"Boutique\",\"item\":\"https:\/\/lystes.store\/select\/dreamvirginhair\/boutique\/\"},{\"@type\":\"ListItem\",\"position\":3,\"name\":\"Lace Frontal Raw Hair Lisse 13*6\"}]},{\"@type\":\"WebSite\",\"@id\":\"https:\/\/lystes.store\/select\/dreamvirginhair\/#website\",\"url\":\"https:\/\/lystes.store\/select\/dreamvirginhair\/\",\"name\":\"Dream Virgin Hair\",\"description\":\"L&#039;excellence sinon rien\",\"potentialAction\":[{\"@type\":\"SearchAction\",\"target\":{\"@type\":\"EntryPoint\",\"urlTemplate\":\"https:\/\/lystes.store\/select\/dreamvirginhair\/?s={search_term_string}\"},\"query-input\":{\"@type\":\"PropertyValueSpecification\",\"valueRequired\":true,\"valueName\":\"search_term_string\"}}],\"inLanguage\":\"en-US\"}]}<\/script>\n<!-- \/ Yoast SEO plugin. -->","yoast_head_json":{"title":"Lace Frontal Raw Hair Lisse 13*6 - Dream Virgin Hair","robots":{"index":"index","follow":"follow","max-snippet":"max-snippet:-1","max-image-preview":"max-image-preview:large","max-video-preview":"max-video-preview:-1"},"canonical":"https:\/\/lystes.store\/select\/dreamvirginhair\/product\/lace-frontal-raw-hair-lisse-136\/","og_locale":"en_US","og_type":"article","og_title":"Lace Frontal Raw Hair Lisse 13*6 - Dream Virgin Hair","og_description":"Lace frontal large, dimensions : 13*6 Densit\u00e9 : 150%   En plus d'\u00eatre compos\u00e9e de cheveux Raw Hair, notre Lace Frontal Raw Hair Straight 13*6 est beaucoup plus r\u00e9sistante qu'une lace frontal classique. Ainsi elle sera moins sujette aux pertes de cheveux.   Ses dimensions 13x6 vous permettent de faire des raies plus longues qu'avec la lace frontal classique 13x4. (Avec celle-ci 2 paquets de tissages suffisent pour une t\u00eate compl\u00e8te).  Une qualit\u00e9 incomparable.  Les caract\u00e9ristiques du RAW HAIR :  Des cheveux \u00e9pais, volumineux et denses de haut en bas, pas d'effet queue de rat. Des cheveux vierges, humains, 100% naturels et de tr\u00e8s haute qualit\u00e9. Cuticules intactes. Une qualit\u00e9 et une long\u00e9vit\u00e9 exceptionnelle.","og_url":"https:\/\/lystes.store\/select\/dreamvirginhair\/product\/lace-frontal-raw-hair-lisse-136\/","og_site_name":"Dream Virgin Hair","article_modified_time":"2025-08-03T15:47:18+00:00","twitter_card":"summary_large_image","twitter_misc":{"Est. reading time":"1 minute"},"schema":{"@context":"https:\/\/schema.org","@graph":[{"@type":"WebPage","@id":"https:\/\/lystes.store\/select\/dreamvirginhair\/product\/lace-frontal-raw-hair-lisse-136\/","url":"https:\/\/lystes.store\/select\/dreamvirginhair\/product\/lace-frontal-raw-hair-lisse-136\/","name":"Lace Frontal Raw Hair Lisse 13*6 - Dream Virgin Hair","isPartOf":{"@id":"https:\/\/lystes.store\/select\/dreamvirginhair\/#website"},"primaryImageOfPage":{"@id":"https:\/\/lystes.store\/select\/dreamvirginhair\/product\/lace-frontal-raw-hair-lisse-136\/#primaryimage"},"image":{"@id":"https:\/\/lystes.store\/select\/dreamvirginhair\/product\/lace-frontal-raw-hair-lisse-136\/#primaryimage"},"thumbnailUrl":"https:\/\/i0.wp.com\/lystes.store\/select\/dreamvirginhair\/wp-content\/uploads\/sites\/14\/2025\/08\/2BA34B2C-EA85-4F5C-A185-AB8E5EA40D8F-1.png?fit=%2C&ssl=1","datePublished":"2025-03-20T21:03:18+00:00","dateModified":"2025-08-03T15:47:18+00:00","breadcrumb":{"@id":"https:\/\/lystes.store\/select\/dreamvirginhair\/product\/lace-frontal-raw-hair-lisse-136\/#breadcrumb"},"inLanguage":"en-US","potentialAction":[{"@type":"ReadAction","target":["https:\/\/lystes.store\/select\/dreamvirginhair\/product\/lace-frontal-raw-hair-lisse-136\/"]}]},{"@type":"ImageObject","inLanguage":"en-US","@id":"https:\/\/lystes.store\/select\/dreamvirginhair\/product\/lace-frontal-raw-hair-lisse-136\/#primaryimage","url":"https:\/\/i0.wp.com\/lystes.store\/select\/dreamvirginhair\/wp-content\/uploads\/sites\/14\/2025\/08\/2BA34B2C-EA85-4F5C-A185-AB8E5EA40D8F-1.png?fit=%2C&ssl=1","contentUrl":"https:\/\/i0.wp.com\/lystes.store\/select\/dreamvirginhair\/wp-content\/uploads\/sites\/14\/2025\/08\/2BA34B2C-EA85-4F5C-A185-AB8E5EA40D8F-1.png?fit=%2C&ssl=1"},{"@type":"BreadcrumbList","@id":"https:\/\/lystes.store\/select\/dreamvirginhair\/product\/lace-frontal-raw-hair-lisse-136\/#breadcrumb","itemListElement":[{"@type":"ListItem","position":1,"name":"Accueil","item":"https:\/\/lystes.store\/select\/dreamvirginhair\/"},{"@type":"ListItem","position":2,"name":"Boutique","item":"https:\/\/lystes.store\/select\/dreamvirginhair\/boutique\/"},{"@type":"ListItem","position":3,"name":"Lace Frontal Raw Hair Lisse 13*6"}]},{"@type":"WebSite","@id":"https:\/\/lystes.store\/select\/dreamvirginhair\/#website","url":"https:\/\/lystes.store\/select\/dreamvirginhair\/","name":"Dream Virgin Hair","description":"L&#039;excellence sinon rien","potentialAction":[{"@type":"SearchAction","target":{"@type":"EntryPoint","urlTemplate":"https:\/\/lystes.store\/select\/dreamvirginhair\/?s={search_term_string}"},"query-input":{"@type":"PropertyValueSpecification","valueRequired":true,"valueName":"search_term_string"}}],"inLanguage":"en-US"}]}},"_links":{"self":[{"href":"https:\/\/lystes.store\/select\/dreamvirginhair\/wp-json\/wp\/v2\/product\/88237","targetHints":{"allow":["GET"]}}],"collection":[{"href":"https:\/\/lystes.store\/select\/dreamvirginhair\/wp-json\/wp\/v2\/product"}],"about":[{"href":"https:\/\/lystes.store\/select\/dreamvirginhair\/wp-json\/wp\/v2\/types\/product"}],"replies":[{"embeddable":true,"href":"https:\/\/lystes.store\/select\/dreamvirginhair\/wp-json\/wp\/v2\/comments?post=88237"}],"wp:featuredmedia":[{"embeddable":true,"href":"https:\/\/lystes.store\/select\/dreamvirginhair\/wp-json\/wp\/v2\/media\/142262"}],"wp:attachment":[{"href":"https:\/\/lystes.store\/select\/dreamvirginhair\/wp-json\/wp\/v2\/media?parent=88237"}],"wp:term":[{"taxonomy":"product_brand","embeddable":true,"href":"https:\/\/lystes.store\/select\/dreamvirginhair\/wp-json\/wp\/v2\/product_brand?post=88237"},{"taxonomy":"product_cat","embeddable":true,"href":"https:\/\/lystes.store\/select\/dreamvirginhair\/wp-json\/wp\/v2\/product_cat?post=88237"},{"taxonomy":"product_tag","embeddable":true,"href":"https:\/\/lystes.store\/select\/dreamvirginhair\/wp-json\/wp\/v2\/product_tag?post=88237"}],"curies":[{"name":"wp","href":"https:\/\/api.w.org\/{rel}","templated":true}]}}