{"id":34,"date":"2022-01-14T12:22:05","date_gmt":"2022-01-14T11:22:05","guid":{"rendered":"https:\/\/lystes.com\/eyesperfect\/?page_id=34"},"modified":"2025-06-06T11:46:04","modified_gmt":"2025-06-06T09:46:04","slug":"mention-legales","status":"publish","type":"page","link":"https:\/\/lystes.store\/select\/cubanohair\/mention-legales\/","title":{"rendered":"Mention l\u00e9gales"},"content":{"rendered":"<div class=\"wpb-content-wrapper\">[vc_row][vc_column][vc_column_text]\n<div class=\"shopify-policy__container\">\n<div class=\"shopify-policy__body\"><\/div>\n<div class=\"rte\">\n<h3>1 \u2013 \u00c9dition du site<\/h3>\n<p>lystes.store\/select est \u00e9dit\u00e9 par<br \/>\nPropri\u00e9taire du site et Identification de l\u2019entreprise :<br \/>\nCubano Hair<br \/>\nContact : contact@cubanohair.com<br \/>\nImmatricul\u00e9e au RCS le 20-02-2019<br \/>\nH\u00e9bergeur : 1&amp;1 \/ IONOS \u2013 7 Place de la Gare \u2013 57200 Sarreguemines<br \/>\nAutres contributeurs :<br \/>\nAGENCE \/ LYSTES.COM<\/p>\n<h3>2 \u2013 Propri\u00e9t\u00e9 intellectuelle et contrefa\u00e7ons.<\/h3>\n<p>Cubano Hair\u00a0est propri\u00e9taire des droits de propri\u00e9t\u00e9 intellectuelle et d\u00e9tient les droits d\u2019usage sur tous les \u00e9l\u00e9ments accessibles sur le site internet, notamment les textes, images, graphismes, logos, vid\u00e9os, architecture, ic\u00f4nes et sons.<br \/>\nToute reproduction, repr\u00e9sentation, modification, publication, adaptation de tout ou partie des \u00e9l\u00e9ments du site, quel que soit le moyen ou le proc\u00e9d\u00e9 utilis\u00e9, est interdite, sauf autorisation \u00e9crite pr\u00e9alable de\u00a0Cubano Hair.<br \/>\nToute exploitation non autoris\u00e9e du site ou de l\u2019un quelconque des \u00e9l\u00e9ments qu\u2019il contient sera consid\u00e9r\u00e9e comme constitutive d\u2019une contrefa\u00e7on et poursuivie conform\u00e9ment aux dispositions des articles\u00a0L.335-2 et suivants du Code de Propri\u00e9t\u00e9 Intellectuelle.<\/p>\n<h3>3 \u2013 Limitations de responsabilit\u00e9.<\/h3>\n<p>Cubano Hairne pourra \u00eatre tenue pour responsable des dommages directs et indirects caus\u00e9s au mat\u00e9riel de l\u2019utilisateur, lors de l\u2019acc\u00e8s au site lystes.store\/select.<br \/>\nCubano Hair\u00a0d\u00e9cline toute responsabilit\u00e9 quant \u00e0 l\u2019utilisation qui pourrait \u00eatre faite des informations et contenus pr\u00e9sents sur lystes.store\/select.<br \/>\nCubano Hair\u00a0s\u2019engage \u00e0 s\u00e9curiser au mieux le site lystes.store\/select, cependant sa responsabilit\u00e9 ne pourra \u00eatre mise en cause si des donn\u00e9es ind\u00e9sirables sont import\u00e9es et install\u00e9es sur son site \u00e0 son insu.<br \/>\nDes espaces interactifs (espace contact ou commentaires) sont \u00e0 la disposition des utilisateurs. Cubano Hair\u00a0se r\u00e9serve le droit de supprimer, sans mise en demeure pr\u00e9alable, tout contenu d\u00e9pos\u00e9 dans cet espace qui contreviendrait \u00e0 la l\u00e9gislation applicable en France, en particulier aux dispositions relatives \u00e0 la protection des donn\u00e9es.<br \/>\nLe cas \u00e9ch\u00e9ant, Cubano Hair\u00a0se r\u00e9serve \u00e9galement la possibilit\u00e9 de mettre en cause la responsabilit\u00e9 civile et\/ou p\u00e9nale de l\u2019utilisateur, notamment en cas de message \u00e0 caract\u00e8re raciste, injurieux, diffamant, ou pornographique, quel que soit le support utilis\u00e9 (texte, photographie \u2026).<\/p>\n<h3>4 \u2013 CNIL et gestion des donn\u00e9es personnelles.<\/h3>\n<p>Conform\u00e9ment aux dispositions de la loi 78-17 du 6 janvier 1978 modifi\u00e9e, l\u2019utilisateur du site lystes.store\/select dispose d\u2019un droit d\u2019acc\u00e8s, de modification et de suppression des informations collect\u00e9es. Pour exercer ce droit, envoyez un message \u00e0 notre D\u00e9l\u00e9gu\u00e9 \u00e0 la Protection des Donn\u00e9es : contact@cubanohair.com<br \/>\nPour plus d\u2019informations sur la fa\u00e7on dont nous traitons vos donn\u00e9es (type de donn\u00e9es, finalit\u00e9, destinataire\u2026), lisez notre\u00a0Politique de Confidentialit\u00e9.<br \/>\nIl est \u00e9galement possible de\u00a0d\u00e9poser une r\u00e9clamation aupr\u00e8s de la CNIL.<\/p>\n<h3>5 \u2013 Liens hypertextes et cookies<\/h3>\n<p>Le site\u00a0lystes.store\/select\u00a0contient des liens hypertextes vers d\u2019autres sites et d\u00e9gage toute responsabilit\u00e9 \u00e0 propos de ces liens externes ou des liens cr\u00e9\u00e9s par d\u2019autres sites vers\u00a0lystes.store\/select.<br \/>\nLa navigation sur le site\u00a0lystes.store\/select\u00a0est susceptible de provoquer l\u2019installation de cookie(s) sur l\u2019ordinateur de l\u2019utilisateur.<br \/>\nUn \u201ccookie\u201d est un fichier de petite taille qui enregistre des informations relatives \u00e0 la navigation d\u2019un utilisateur sur un site. Les donn\u00e9es ainsi obtenues permettent d\u2019obtenir des mesures de fr\u00e9quentation, par exemple.<br \/>\nVous avez la possibilit\u00e9\u00a0d\u2019accepter ou de refuser les cookies\u00a0en modifiant les param\u00e8tres de votre navigateur. Aucun cookie ne sera d\u00e9pos\u00e9 sans votre consentement.<br \/>\nLes cookies sont enregistr\u00e9s pour une dur\u00e9e maximale de mois.<br \/>\nPour plus d\u2019informations sur la fa\u00e7on dont nous faisons usage des cookies, lisez notre\u00a0Politique de Confidentialit\u00e9.<\/p>\n<h3>6 \u2013 Droit applicable et attribution de juridiction.<\/h3>\n<p>Tout litige en relation avec l\u2019utilisation du site lystes.store\/select est soumis au droit fran\u00e7ais. En dehors des cas o\u00f9 la loi ne le permet pas, il est fait attribution exclusive de juridiction aux tribunaux comp\u00e9tents.<\/p>\n<\/div>\n<\/div>\n[\/vc_column_text][\/vc_column][\/vc_row]\n<\/div>","protected":false},"excerpt":{"rendered":"<p>[vc_row][vc_column][vc_column_text] 1 \u2013 \u00c9dition du site lystes.store\/select est \u00e9dit\u00e9 par Propri\u00e9taire du site et Identification de l\u2019entreprise : Cubano Hair Contact : contact@cubanohair.com Immatricul\u00e9e au RCS le 20-02-2019 H\u00e9bergeur : 1&amp;1 \/ IONOS \u2013 7 Place de la Gare \u2013 57200 Sarreguemines Autres contributeurs : AGENCE \/ LYSTES.COM 2 \u2013 [&hellip;]<\/p>\n","protected":false},"author":1,"featured_media":0,"parent":0,"menu_order":0,"comment_status":"closed","ping_status":"closed","template":"","meta":{"footnotes":""},"class_list":["post-34","page","type-page","status-publish","hentry"],"acf":[],"yoast_head":"<!-- This site is optimized with the Yoast SEO plugin v25.3.1 - https:\/\/yoast.com\/wordpress\/plugins\/seo\/ -->\n<title>Mention l\u00e9gales - Cubano Hair<\/title>\n<meta name=\"robots\" content=\"index, follow, max-snippet:-1, max-image-preview:large, max-video-preview:-1\" \/>\n<link rel=\"canonical\" href=\"https:\/\/lystes.store\/select\/cubanohair\/mention-legales\/\" \/>\n<meta property=\"og:locale\" content=\"fr_FR\" \/>\n<meta property=\"og:type\" content=\"article\" \/>\n<meta property=\"og:title\" content=\"Mention l\u00e9gales - Cubano Hair\" \/>\n<meta property=\"og:description\" content=\"[vc_row][vc_column][vc_column_text] 1 \u2013 \u00c9dition du site lystes.store\/select est \u00e9dit\u00e9 par Propri\u00e9taire du site et Identification de l\u2019entreprise : Cubano Hair Contact : contact@cubanohair.com Immatricul\u00e9e au RCS le 20-02-2019 H\u00e9bergeur : 1&amp;1 \/ IONOS \u2013 7 Place de la Gare \u2013 57200 Sarreguemines Autres contributeurs : AGENCE \/ LYSTES.COM 2 \u2013 [&hellip;]\" \/>\n<meta property=\"og:url\" content=\"https:\/\/lystes.store\/select\/cubanohair\/mention-legales\/\" \/>\n<meta property=\"og:site_name\" content=\"Cubano Hair\" \/>\n<meta property=\"article:modified_time\" content=\"2025-06-06T09:46:04+00:00\" \/>\n<meta name=\"twitter:card\" content=\"summary_large_image\" \/>\n<meta name=\"twitter:label1\" content=\"Dur\u00e9e de lecture estim\u00e9e\" \/>\n\t<meta name=\"twitter:data1\" content=\"4 minutes\" \/>\n<script type=\"application\/ld+json\" class=\"yoast-schema-graph\">{\"@context\":\"https:\/\/schema.org\",\"@graph\":[{\"@type\":\"WebPage\",\"@id\":\"https:\/\/lystes.store\/select\/cubanohair\/mention-legales\/\",\"url\":\"https:\/\/lystes.store\/select\/cubanohair\/mention-legales\/\",\"name\":\"Mention l\u00e9gales - Cubano Hair\",\"isPartOf\":{\"@id\":\"https:\/\/lystes.store\/select\/cubanohair\/#website\"},\"datePublished\":\"2022-01-14T11:22:05+00:00\",\"dateModified\":\"2025-06-06T09:46:04+00:00\",\"breadcrumb\":{\"@id\":\"https:\/\/lystes.store\/select\/cubanohair\/mention-legales\/#breadcrumb\"},\"inLanguage\":\"fr-FR\",\"potentialAction\":[{\"@type\":\"ReadAction\",\"target\":[\"https:\/\/lystes.store\/select\/cubanohair\/mention-legales\/\"]}]},{\"@type\":\"BreadcrumbList\",\"@id\":\"https:\/\/lystes.store\/select\/cubanohair\/mention-legales\/#breadcrumb\",\"itemListElement\":[{\"@type\":\"ListItem\",\"position\":1,\"name\":\"Accueil\",\"item\":\"https:\/\/lystes.store\/select\/cubanohair\/\"},{\"@type\":\"ListItem\",\"position\":2,\"name\":\"Mention l\u00e9gales\"}]},{\"@type\":\"WebSite\",\"@id\":\"https:\/\/lystes.store\/select\/cubanohair\/#website\",\"url\":\"https:\/\/lystes.store\/select\/cubanohair\/\",\"name\":\"Cubano Hair\",\"description\":\"L&#039;excellence sinon rien\",\"potentialAction\":[{\"@type\":\"SearchAction\",\"target\":{\"@type\":\"EntryPoint\",\"urlTemplate\":\"https:\/\/lystes.store\/select\/cubanohair\/?s={search_term_string}\"},\"query-input\":{\"@type\":\"PropertyValueSpecification\",\"valueRequired\":true,\"valueName\":\"search_term_string\"}}],\"inLanguage\":\"fr-FR\"}]}<\/script>\n<!-- \/ Yoast SEO plugin. -->","yoast_head_json":{"title":"Mention l\u00e9gales - Cubano Hair","robots":{"index":"index","follow":"follow","max-snippet":"max-snippet:-1","max-image-preview":"max-image-preview:large","max-video-preview":"max-video-preview:-1"},"canonical":"https:\/\/lystes.store\/select\/cubanohair\/mention-legales\/","og_locale":"fr_FR","og_type":"article","og_title":"Mention l\u00e9gales - Cubano Hair","og_description":"[vc_row][vc_column][vc_column_text] 1 \u2013 \u00c9dition du site lystes.store\/select est \u00e9dit\u00e9 par Propri\u00e9taire du site et Identification de l\u2019entreprise : Cubano Hair Contact : contact@cubanohair.com Immatricul\u00e9e au RCS le 20-02-2019 H\u00e9bergeur : 1&amp;1 \/ IONOS \u2013 7 Place de la Gare \u2013 57200 Sarreguemines Autres contributeurs : AGENCE \/ LYSTES.COM 2 \u2013 [&hellip;]","og_url":"https:\/\/lystes.store\/select\/cubanohair\/mention-legales\/","og_site_name":"Cubano Hair","article_modified_time":"2025-06-06T09:46:04+00:00","twitter_card":"summary_large_image","twitter_misc":{"Dur\u00e9e de lecture estim\u00e9e":"4 minutes"},"schema":{"@context":"https:\/\/schema.org","@graph":[{"@type":"WebPage","@id":"https:\/\/lystes.store\/select\/cubanohair\/mention-legales\/","url":"https:\/\/lystes.store\/select\/cubanohair\/mention-legales\/","name":"Mention l\u00e9gales - Cubano Hair","isPartOf":{"@id":"https:\/\/lystes.store\/select\/cubanohair\/#website"},"datePublished":"2022-01-14T11:22:05+00:00","dateModified":"2025-06-06T09:46:04+00:00","breadcrumb":{"@id":"https:\/\/lystes.store\/select\/cubanohair\/mention-legales\/#breadcrumb"},"inLanguage":"fr-FR","potentialAction":[{"@type":"ReadAction","target":["https:\/\/lystes.store\/select\/cubanohair\/mention-legales\/"]}]},{"@type":"BreadcrumbList","@id":"https:\/\/lystes.store\/select\/cubanohair\/mention-legales\/#breadcrumb","itemListElement":[{"@type":"ListItem","position":1,"name":"Accueil","item":"https:\/\/lystes.store\/select\/cubanohair\/"},{"@type":"ListItem","position":2,"name":"Mention l\u00e9gales"}]},{"@type":"WebSite","@id":"https:\/\/lystes.store\/select\/cubanohair\/#website","url":"https:\/\/lystes.store\/select\/cubanohair\/","name":"Cubano Hair","description":"L&#039;excellence sinon rien","potentialAction":[{"@type":"SearchAction","target":{"@type":"EntryPoint","urlTemplate":"https:\/\/lystes.store\/select\/cubanohair\/?s={search_term_string}"},"query-input":{"@type":"PropertyValueSpecification","valueRequired":true,"valueName":"search_term_string"}}],"inLanguage":"fr-FR"}]}},"_links":{"self":[{"href":"https:\/\/lystes.store\/select\/cubanohair\/wp-json\/wp\/v2\/pages\/34","targetHints":{"allow":["GET"]}}],"collection":[{"href":"https:\/\/lystes.store\/select\/cubanohair\/wp-json\/wp\/v2\/pages"}],"about":[{"href":"https:\/\/lystes.store\/select\/cubanohair\/wp-json\/wp\/v2\/types\/page"}],"author":[{"embeddable":true,"href":"https:\/\/lystes.store\/select\/cubanohair\/wp-json\/wp\/v2\/users\/1"}],"replies":[{"embeddable":true,"href":"https:\/\/lystes.store\/select\/cubanohair\/wp-json\/wp\/v2\/comments?post=34"}],"version-history":[{"count":2,"href":"https:\/\/lystes.store\/select\/cubanohair\/wp-json\/wp\/v2\/pages\/34\/revisions"}],"predecessor-version":[{"id":119222,"href":"https:\/\/lystes.store\/select\/cubanohair\/wp-json\/wp\/v2\/pages\/34\/revisions\/119222"}],"wp:attachment":[{"href":"https:\/\/lystes.store\/select\/cubanohair\/wp-json\/wp\/v2\/media?parent=34"}],"curies":[{"name":"wp","href":"https:\/\/api.w.org\/{rel}","templated":true}]}}