{"id":432,"date":"2025-09-08T19:02:51","date_gmt":"2025-09-08T17:02:51","guid":{"rendered":"https:\/\/lystes.store\/biolystes\/?post_type=product&#038;p=432"},"modified":"2025-10-02T07:47:42","modified_gmt":"2025-10-02T05:47:42","slug":"pack-starter-biolystes","status":"publish","type":"product","link":"https:\/\/lystes.store\/biolystes\/produit\/pack-starter-biolystes\/","title":{"rendered":"Pack Starter Biolystes"},"content":{"rendered":"<div class=\"wpb-content-wrapper\">[vc_row][vc_column][vc_column_text css=\u00a0\u00bb\u00a0\u00bb]\n<p class=\"p1\">Une <span class=\"s1\"><b>box surprise ultra-s\u00e9lective<\/b><\/span>, livr\u00e9e dans un \u00e9crin num\u00e9rot\u00e9, qui renferme une <span class=\"s1\"><b>s\u00e9lection personnalis\u00e9e d\u2019articles mode &amp; beaut\u00e9 de cr\u00e9ateurs<\/b><\/span>, exclusivement r\u00e9serv\u00e9s aux membres du cercle \u201cLystes\u201d.<\/p>\n<h4><b>\ud83d\udc8e <\/b><\/h4>\n<h4><b>Valeur ajout\u00e9e :<\/b><\/h4>\n<ul>\n<li>\n<p class=\"p1\">Chaque box est pr\u00e9par\u00e9e \u00e0 la main, sur mesure<\/p>\n<\/li>\n<li>\n<p class=\"p1\"><span class=\"s1\">Livraison dans un <\/span><b>coffret num\u00e9rot\u00e9<\/b><\/p>\n<\/li>\n<li>\n<p class=\"p1\">Exp\u00e9rience unboxing immersive<\/p>\n<\/li>\n<\/ul>\n<hr \/>\n<h4><b>\ud83c\udfaf Positionnement :<\/b><\/h4>\n<ul>\n<li>\n<p class=\"p1\">Produit rare, \u00e0 forte valeur per\u00e7ue, parfait pour l\u2019univers <span class=\"s1\"><b>\u201cmyst\u00e8re + excellence\u201d<\/b><b><\/b><\/span><\/p>\n<\/li>\n<li>\n<p class=\"p1\">Id\u00e9al pour des campagnes avec influenceuses premium ou gifting d\u2019entreprise tr\u00e8s haut de gamme<\/p>\n<\/li>\n<\/ul>\n[\/vc_column_text][\/vc_column][\/vc_row]\n<\/div>","protected":false},"excerpt":{"rendered":"<p class=\"p1\">Une <span class=\"s1\"><b>box surprise ultra-s\u00e9lective<\/b><\/span>, livr\u00e9e dans un \u00e9crin num\u00e9rot\u00e9, qui renferme une <span class=\"s1\"><b>s\u00e9lection personnalis\u00e9e d\u2019articles mode &amp; beaut\u00e9 de cr\u00e9ateurs<\/b><\/span>, exclusivement r\u00e9serv\u00e9s aux membres du cercle \u201cLystes\u201d.<\/p>\n<p class=\"p3\"><span class=\"s2\">Chaque box est diff\u00e9rente, pens\u00e9e comme un <\/span><b>statement de style et de raffinement<\/b><span class=\"s2\">, et contient entre <\/span><b>5 et 7 pi\u00e8ces uniques ou en \u00e9dition tr\u00e8s limit\u00e9e<\/b><span class=\"s2\">.<\/span><\/p>\n<h4><b>\ud83d\udc8e <\/b><\/h4>\n<h4><b>Valeur ajout\u00e9e :<\/b><\/h4>\n<ul>\n<li>\n<p class=\"p1\">Chaque box est pr\u00e9par\u00e9e \u00e0 la main, sur mesure<\/p>\n<\/li>\n<li>\n<p class=\"p1\"><span class=\"s1\">Livraison dans un <\/span><b>coffret num\u00e9rot\u00e9<\/b><\/p>\n<\/li>\n<li>\n<p class=\"p1\">Exp\u00e9rience unboxing immersive<\/p>\n<\/li>\n<\/ul>\n<hr>\n<h4><b>\ud83c\udfaf Positionnement :<\/b><\/h4>\n<ul>\n<li>\n<p class=\"p1\">Produit rare, \u00e0 forte valeur per\u00e7ue, parfait pour l\u2019univers <span class=\"s1\"><b>\u201cmyst\u00e8re + excellence\u201d<\/b><b><\/b><\/span><\/p>\n<\/li>\n<li>\n<p class=\"p1\">Id\u00e9al pour des campagnes avec influenceuses premium ou gifting d\u2019entreprise tr\u00e8s haut de gamme<\/p>\n<\/li>\n<\/ul>\n","protected":false},"featured_media":384,"comment_status":"open","ping_status":"closed","template":"","meta":[],"product_brand":[],"product_cat":[16],"product_tag":[],"class_list":{"0":"post-432","1":"product","2":"type-product","3":"status-publish","4":"has-post-thumbnail","6":"product_cat-beauty","8":"first","9":"instock","10":"taxable","11":"shipping-taxable","12":"purchasable","13":"product-type-simple"},"acf":[],"yoast_head":"<!-- This site is optimized with the Yoast SEO plugin v25.3.1 - https:\/\/yoast.com\/wordpress\/plugins\/seo\/ -->\n<title>Pack Starter Biolystes - Biolystes<\/title>\n<meta name=\"robots\" content=\"index, follow, max-snippet:-1, max-image-preview:large, max-video-preview:-1\" \/>\n<link rel=\"canonical\" href=\"https:\/\/lystes.store\/biolystes\/produit\/pack-starter-biolystes\/\" \/>\n<meta property=\"og:locale\" content=\"fr_FR\" \/>\n<meta property=\"og:type\" content=\"article\" \/>\n<meta property=\"og:title\" content=\"Pack Starter Biolystes - Biolystes\" \/>\n<meta property=\"og:description\" content=\"Une box surprise ultra-s\u00e9lective, livr\u00e9e dans un \u00e9crin num\u00e9rot\u00e9, qui renferme une s\u00e9lection personnalis\u00e9e d\u2019articles mode &amp; beaut\u00e9 de cr\u00e9ateurs, exclusivement r\u00e9serv\u00e9s aux membres du cercle \u201cLystes\u201d.Chaque box est diff\u00e9rente, pens\u00e9e comme un statement de style et de raffinement, et contient entre 5 et 7 pi\u00e8ces uniques ou en \u00e9dition tr\u00e8s limit\u00e9e.\ud83d\udc8e Valeur ajout\u00e9e :Chaque box est pr\u00e9par\u00e9e \u00e0 la main, sur mesureLivraison dans un coffret num\u00e9rot\u00e9Exp\u00e9rience unboxing immersive\ud83c\udfaf Positionnement :Produit rare, \u00e0 forte valeur per\u00e7ue, parfait pour l\u2019univers \u201cmyst\u00e8re + excellence\u201dId\u00e9al pour des campagnes avec influenceuses premium ou gifting d\u2019entreprise tr\u00e8s haut de gamme\" \/>\n<meta property=\"og:url\" content=\"https:\/\/lystes.store\/biolystes\/produit\/pack-starter-biolystes\/\" \/>\n<meta property=\"og:site_name\" content=\"Biolystes\" \/>\n<meta property=\"article:modified_time\" content=\"2025-10-02T05:47:42+00:00\" \/>\n<meta property=\"og:image\" content=\"http:\/\/lystes.store\/biolystes\/wp-content\/uploads\/sites\/12\/2025\/06\/gt-1-1.png\" \/>\n\t<meta property=\"og:image:width\" content=\"796\" \/>\n\t<meta property=\"og:image:height\" content=\"810\" \/>\n\t<meta property=\"og:image:type\" content=\"image\/png\" \/>\n<meta name=\"twitter:card\" content=\"summary_large_image\" \/>\n<meta name=\"twitter:label1\" content=\"Dur\u00e9e de lecture estim\u00e9e\" \/>\n\t<meta name=\"twitter:data1\" content=\"1 minute\" \/>\n<script type=\"application\/ld+json\" class=\"yoast-schema-graph\">{\"@context\":\"https:\/\/schema.org\",\"@graph\":[{\"@type\":\"WebPage\",\"@id\":\"https:\/\/lystes.store\/biolystes\/produit\/pack-starter-biolystes\/\",\"url\":\"https:\/\/lystes.store\/biolystes\/produit\/pack-starter-biolystes\/\",\"name\":\"Pack Starter Biolystes - Biolystes\",\"isPartOf\":{\"@id\":\"https:\/\/lystes.store\/biolystes\/#website\"},\"primaryImageOfPage\":{\"@id\":\"https:\/\/lystes.store\/biolystes\/produit\/pack-starter-biolystes\/#primaryimage\"},\"image\":{\"@id\":\"https:\/\/lystes.store\/biolystes\/produit\/pack-starter-biolystes\/#primaryimage\"},\"thumbnailUrl\":\"https:\/\/lystes.store\/biolystes\/wp-content\/uploads\/sites\/12\/2025\/06\/gt-1-1.png\",\"datePublished\":\"2025-09-08T17:02:51+00:00\",\"dateModified\":\"2025-10-02T05:47:42+00:00\",\"breadcrumb\":{\"@id\":\"https:\/\/lystes.store\/biolystes\/produit\/pack-starter-biolystes\/#breadcrumb\"},\"inLanguage\":\"fr-FR\",\"potentialAction\":[{\"@type\":\"ReadAction\",\"target\":[\"https:\/\/lystes.store\/biolystes\/produit\/pack-starter-biolystes\/\"]}]},{\"@type\":\"ImageObject\",\"inLanguage\":\"fr-FR\",\"@id\":\"https:\/\/lystes.store\/biolystes\/produit\/pack-starter-biolystes\/#primaryimage\",\"url\":\"https:\/\/lystes.store\/biolystes\/wp-content\/uploads\/sites\/12\/2025\/06\/gt-1-1.png\",\"contentUrl\":\"https:\/\/lystes.store\/biolystes\/wp-content\/uploads\/sites\/12\/2025\/06\/gt-1-1.png\",\"width\":796,\"height\":810},{\"@type\":\"BreadcrumbList\",\"@id\":\"https:\/\/lystes.store\/biolystes\/produit\/pack-starter-biolystes\/#breadcrumb\",\"itemListElement\":[{\"@type\":\"ListItem\",\"position\":1,\"name\":\"Accueil\",\"item\":\"https:\/\/lystes.store\/biolystes\/\"},{\"@type\":\"ListItem\",\"position\":2,\"name\":\"Shop\",\"item\":\"https:\/\/lystes.store\/biolystes\/shop\/\"},{\"@type\":\"ListItem\",\"position\":3,\"name\":\"Pack Starter Biolystes\"}]},{\"@type\":\"WebSite\",\"@id\":\"https:\/\/lystes.store\/biolystes\/#website\",\"url\":\"https:\/\/lystes.store\/biolystes\/\",\"name\":\"Biolystes\",\"description\":\"\",\"potentialAction\":[{\"@type\":\"SearchAction\",\"target\":{\"@type\":\"EntryPoint\",\"urlTemplate\":\"https:\/\/lystes.store\/biolystes\/?s={search_term_string}\"},\"query-input\":{\"@type\":\"PropertyValueSpecification\",\"valueRequired\":true,\"valueName\":\"search_term_string\"}}],\"inLanguage\":\"fr-FR\"}]}<\/script>\n<!-- \/ Yoast SEO plugin. -->","yoast_head_json":{"title":"Pack Starter Biolystes - Biolystes","robots":{"index":"index","follow":"follow","max-snippet":"max-snippet:-1","max-image-preview":"max-image-preview:large","max-video-preview":"max-video-preview:-1"},"canonical":"https:\/\/lystes.store\/biolystes\/produit\/pack-starter-biolystes\/","og_locale":"fr_FR","og_type":"article","og_title":"Pack Starter Biolystes - Biolystes","og_description":"Une box surprise ultra-s\u00e9lective, livr\u00e9e dans un \u00e9crin num\u00e9rot\u00e9, qui renferme une s\u00e9lection personnalis\u00e9e d\u2019articles mode &amp; beaut\u00e9 de cr\u00e9ateurs, exclusivement r\u00e9serv\u00e9s aux membres du cercle \u201cLystes\u201d.Chaque box est diff\u00e9rente, pens\u00e9e comme un statement de style et de raffinement, et contient entre 5 et 7 pi\u00e8ces uniques ou en \u00e9dition tr\u00e8s limit\u00e9e.\ud83d\udc8e Valeur ajout\u00e9e :Chaque box est pr\u00e9par\u00e9e \u00e0 la main, sur mesureLivraison dans un coffret num\u00e9rot\u00e9Exp\u00e9rience unboxing immersive\ud83c\udfaf Positionnement :Produit rare, \u00e0 forte valeur per\u00e7ue, parfait pour l\u2019univers \u201cmyst\u00e8re + excellence\u201dId\u00e9al pour des campagnes avec influenceuses premium ou gifting d\u2019entreprise tr\u00e8s haut de gamme","og_url":"https:\/\/lystes.store\/biolystes\/produit\/pack-starter-biolystes\/","og_site_name":"Biolystes","article_modified_time":"2025-10-02T05:47:42+00:00","og_image":[{"width":796,"height":810,"url":"http:\/\/lystes.store\/biolystes\/wp-content\/uploads\/sites\/12\/2025\/06\/gt-1-1.png","type":"image\/png"}],"twitter_card":"summary_large_image","twitter_misc":{"Dur\u00e9e de lecture estim\u00e9e":"1 minute"},"schema":{"@context":"https:\/\/schema.org","@graph":[{"@type":"WebPage","@id":"https:\/\/lystes.store\/biolystes\/produit\/pack-starter-biolystes\/","url":"https:\/\/lystes.store\/biolystes\/produit\/pack-starter-biolystes\/","name":"Pack Starter Biolystes - Biolystes","isPartOf":{"@id":"https:\/\/lystes.store\/biolystes\/#website"},"primaryImageOfPage":{"@id":"https:\/\/lystes.store\/biolystes\/produit\/pack-starter-biolystes\/#primaryimage"},"image":{"@id":"https:\/\/lystes.store\/biolystes\/produit\/pack-starter-biolystes\/#primaryimage"},"thumbnailUrl":"https:\/\/lystes.store\/biolystes\/wp-content\/uploads\/sites\/12\/2025\/06\/gt-1-1.png","datePublished":"2025-09-08T17:02:51+00:00","dateModified":"2025-10-02T05:47:42+00:00","breadcrumb":{"@id":"https:\/\/lystes.store\/biolystes\/produit\/pack-starter-biolystes\/#breadcrumb"},"inLanguage":"fr-FR","potentialAction":[{"@type":"ReadAction","target":["https:\/\/lystes.store\/biolystes\/produit\/pack-starter-biolystes\/"]}]},{"@type":"ImageObject","inLanguage":"fr-FR","@id":"https:\/\/lystes.store\/biolystes\/produit\/pack-starter-biolystes\/#primaryimage","url":"https:\/\/lystes.store\/biolystes\/wp-content\/uploads\/sites\/12\/2025\/06\/gt-1-1.png","contentUrl":"https:\/\/lystes.store\/biolystes\/wp-content\/uploads\/sites\/12\/2025\/06\/gt-1-1.png","width":796,"height":810},{"@type":"BreadcrumbList","@id":"https:\/\/lystes.store\/biolystes\/produit\/pack-starter-biolystes\/#breadcrumb","itemListElement":[{"@type":"ListItem","position":1,"name":"Accueil","item":"https:\/\/lystes.store\/biolystes\/"},{"@type":"ListItem","position":2,"name":"Shop","item":"https:\/\/lystes.store\/biolystes\/shop\/"},{"@type":"ListItem","position":3,"name":"Pack Starter Biolystes"}]},{"@type":"WebSite","@id":"https:\/\/lystes.store\/biolystes\/#website","url":"https:\/\/lystes.store\/biolystes\/","name":"Biolystes","description":"","potentialAction":[{"@type":"SearchAction","target":{"@type":"EntryPoint","urlTemplate":"https:\/\/lystes.store\/biolystes\/?s={search_term_string}"},"query-input":{"@type":"PropertyValueSpecification","valueRequired":true,"valueName":"search_term_string"}}],"inLanguage":"fr-FR"}]}},"jetpack_sharing_enabled":true,"_links":{"self":[{"href":"https:\/\/lystes.store\/biolystes\/wp-json\/wp\/v2\/product\/432","targetHints":{"allow":["GET"]}}],"collection":[{"href":"https:\/\/lystes.store\/biolystes\/wp-json\/wp\/v2\/product"}],"about":[{"href":"https:\/\/lystes.store\/biolystes\/wp-json\/wp\/v2\/types\/product"}],"replies":[{"embeddable":true,"href":"https:\/\/lystes.store\/biolystes\/wp-json\/wp\/v2\/comments?post=432"}],"wp:featuredmedia":[{"embeddable":true,"href":"https:\/\/lystes.store\/biolystes\/wp-json\/wp\/v2\/media\/384"}],"wp:attachment":[{"href":"https:\/\/lystes.store\/biolystes\/wp-json\/wp\/v2\/media?parent=432"}],"wp:term":[{"taxonomy":"product_brand","embeddable":true,"href":"https:\/\/lystes.store\/biolystes\/wp-json\/wp\/v2\/product_brand?post=432"},{"taxonomy":"product_cat","embeddable":true,"href":"https:\/\/lystes.store\/biolystes\/wp-json\/wp\/v2\/product_cat?post=432"},{"taxonomy":"product_tag","embeddable":true,"href":"https:\/\/lystes.store\/biolystes\/wp-json\/wp\/v2\/product_tag?post=432"}],"curies":[{"name":"wp","href":"https:\/\/api.w.org\/{rel}","templated":true}]}}